{"id":3947,"date":"2019-03-13T02:25:59","date_gmt":"2019-03-13T02:25:59","guid":{"rendered":"http:\/\/www.domotrade.com\/hijasdesanjose\/?post_type=fw-portfolio&#038;p=3947"},"modified":"2020-09-05T21:48:56","modified_gmt":"2020-09-05T21:48:56","slug":"celebrar-la-vida-de-francisco-butina","status":"publish","type":"fw-portfolio","link":"https:\/\/hijasdesanjose.org\/en\/project\/celebrar-la-vida-de-francisco-butina\/","title":{"rendered":"Celebrar la vida de Francisco Buti\u00f1\u00e1"},"content":{"rendered":"<p>[vc_row][vc_column][vc_column_text]<\/p>\n<p class=\"has-text-color has-very-dark-gray-color wp-block-paragraph\"><strong>\u00a1Despierta!<\/strong><\/p>\n\n\n<p class=\"has-text-color has-very-dark-gray-color wp-block-paragraph\">16 de abril de 1834. La tierra quiere o\u00edr tu voz, el pueblo clama por un profeta.<\/p>\n\n\n<p class=\"has-text-color has-very-dark-gray-color wp-block-paragraph\"><strong>\u00a1Entra!<\/strong><\/p>\n\n\n<p class=\"has-text-color has-very-dark-gray-color wp-block-paragraph\">El Padre te espera. La Parroquia de Santa Mar\u00eda te abre sus puertas.<\/p>\n\n\n<p class=\"has-text-color has-very-dark-gray-color wp-block-paragraph\">Desde hoy, hijo en la fe cristiana.<\/p>\n\n\n<p class=\"has-text-color has-very-dark-gray-color wp-block-paragraph\"><strong>\u00a1Aprende!<\/strong><\/p>\n\n\n<p class=\"has-text-color has-very-dark-gray-color wp-block-paragraph\">Te abres a la vida. Aprendes las primeras letras&#8230;<\/p>\n\n\n<p class=\"has-text-color has-very-dark-gray-color wp-block-paragraph\">El hogar de los Butiny\u00e0: escuela de trabajo y piedad cristiana.<\/p>\n\n\n<p class=\"has-text-color has-very-dark-gray-color wp-block-paragraph\"><strong>\u00a1Observa!<\/strong><\/p>\n\n\n<p class=\"has-text-color has-very-dark-gray-color wp-block-paragraph\">Todo habla de Dios: los libros, los pobres, el Evangelio&#8230;<\/p>\n\n\n<p class=\"has-text-color has-very-dark-gray-color wp-block-paragraph\"><strong>\u00a1Escucha!<\/strong><\/p>\n\n\n<p class=\"has-text-color has-very-dark-gray-color wp-block-paragraph\">Es el Rey que te llama a trabajar en su campo, s\u00edguelo en la senda. Escucha y podr\u00e1s seguirlo tambi\u00e9n en la gloria&#8230;<\/p>\n\n\n<p class=\"has-text-color has-very-dark-gray-color wp-block-paragraph\"><strong>\u00a1Responde!<\/strong><\/p>\n\n\n<p class=\"has-text-color has-very-dark-gray-color wp-block-paragraph\">1854. Deja en tu hogar los veinte a\u00f1os de taller y plegarias familiares, toma el nuevo arado de la vida religiosa y sirve al Rey en la Compa\u00f1\u00eda de Jes\u00fas&#8230;<\/p>\n\n\n<p class=\"has-text-color has-very-dark-gray-color wp-block-paragraph\"><strong>\u00a1Ofrece!<\/strong><\/p>\n\n\n<p class=\"has-text-color has-very-dark-gray-color wp-block-paragraph\">1856. El Todopoderoso te consagra. T\u00fa, Hno. Butiny\u00e0, conf\u00eda en su fidelidad que \u00c9l acrecentar\u00e1 la tuya&#8230;<\/p>\n\n\n<p class=\"has-text-color has-very-dark-gray-color wp-block-paragraph\"><strong>\u00a1Celebra!<\/strong><\/p>\n\n\n<p class=\"has-text-color has-very-dark-gray-color wp-block-paragraph\">1866. Ya eres sacerdote para siempre. El instrumento que siempre quisiste ser. El \u00abotro Cristo\u00bb que los pobres necesitan&#8230;<\/p>\n\n\n<p class=\"has-text-color has-very-dark-gray-color wp-block-paragraph\"><strong>\u00a1Ense\u00f1a! \u00a1Camina! \u00a1Perdona!<\/strong><\/p>\n\n\n<p class=\"has-text-color has-very-dark-gray-color wp-block-paragraph\">Es tiempo de repartir un poco de lo mucho que recibiste. Eres un ap\u00f3stol entero, un obrero, un Padre&#8230;<\/p>\n\n\n<p class=\"has-text-color has-very-dark-gray-color wp-block-paragraph\"><strong>\u00a1Mira!<\/strong><\/p>\n\n\n<p class=\"has-text-color has-very-dark-gray-color wp-block-paragraph\">Los pobrecitos lloran porque sus manos sangran y su coraz\u00f3n ha perdido la esperanza&#8230;<\/p>\n\n\n<p class=\"has-text-color has-very-dark-gray-color wp-block-paragraph\"><strong>\u00a1Intuye!<\/strong><\/p>\n\n\n<p class=\"has-text-color has-very-dark-gray-color wp-block-paragraph\">\u00bfQui\u00e9n puede ense\u00f1ar a estos hombres que Dios est\u00e1 cerca?<\/p>\n\n\n<p class=\"has-text-color has-very-dark-gray-color wp-block-paragraph\"><strong>\u00a1Contempla!<\/strong><\/p>\n\n\n<p class=\"has-text-color has-very-dark-gray-color wp-block-paragraph\">El Taller de Nazaret, donde vive y trabaja la Sagrada Familia&#8230; graba en tu alma los valores que all\u00ed encontraste: pobreza, sencillez&#8230; caridad mutua&#8230; amor al trabajo&#8230; cercan\u00eda de Dios.<\/p>\n\n\n<p class=\"has-text-color has-very-dark-gray-color wp-block-paragraph\"><strong>\u00a1Surge!<\/strong><\/p>\n\n\n<p class=\"has-text-color has-very-dark-gray-color wp-block-paragraph\">1874. Est\u00e1 brotando aquella semilla de apostolado social que de tiempo viene germinando en ti. En medio de un campo devastado y te\u00f1ido de sangre, en una Iglesia desconcertada pero valiente a\u00fan, \u00a1nacen las Siervas&#8230;!<\/p>\n\n\n<p class=\"has-text-color has-very-dark-gray-color wp-block-paragraph\"><strong>\u00a1Florece!<\/strong><\/p>\n\n\n<p class=\"has-text-color has-very-dark-gray-color wp-block-paragraph\">1875. En Calella tambi\u00e9n la tierra es generosa y t\u00fa lo sabes. El Esp\u00edritu te lleva por el camino donde encontrar las flores: Mar\u00eda Gri, Mar\u00eda Comas, Dolores Ros&#8230; Y t\u00fa las ves crecer, Padre, bajo tu mirada amorosa, vigilante, prof\u00e9tica.<\/p>\n\n\n<p class=\"has-text-color has-very-dark-gray-color wp-block-paragraph\"><strong>\u00a1Escribe!<\/strong><\/p>\n\n\n<p class=\"has-text-color has-very-dark-gray-color wp-block-paragraph\">Los mensajes de Dios para sus hijas deben pasar por tu pluma y perdurar para siempre como testamento vivo: t\u00fa nos das el camino para vivir el seguimiento y \u00c9l nos consagra a su servicio<\/p>\n\n\n<p class=\"has-text-color has-very-dark-gray-color wp-block-paragraph\"><strong>\u00a1Cree! \u00a1Espera! \u00a1Ama!<\/strong><\/p>\n\n\n<p class=\"has-text-color has-very-dark-gray-color wp-block-paragraph\">No detengan tus pasos ni la incomprensi\u00f3n ni el destierro. Ma\u00f1ana los dolores ser\u00e1n gozos y los ojos de tus pobrecitos brillar\u00e1n de gratitud&#8230;<\/p>\n\n\n<p class=\"has-text-color has-very-dark-gray-color wp-block-paragraph\"><strong>\u00a1Descansa!<\/strong><\/p>\n\n\n<p class=\"has-text-color has-very-dark-gray-color wp-block-paragraph\">Se apag\u00f3 para tus ojos el sol de este mundo, pero los abriste al Sol de la Vida, Jes\u00fas, \u00abtu Bien\u00bb,&nbsp; nuestro Bien&#8230; Desde entonces, tu figura, m\u00e1s presente que nunca, renace en cada Taller, en cada josefina que intenta responder al grito de los trabajadores pobres que hoy tambi\u00e9n esperan tu mensaje de profeta&#8230;<\/p>\n\n\n<p class=\"has-text-color has-very-dark-gray-color wp-block-paragraph\"><strong>18 de diciembre de 1899<\/strong><\/p>\n\n\n<p style=\"text-align:right\" class=\"has-text-color has-very-dark-gray-color wp-block-paragraph\"><em>Mariela Carrera fsj<\/em><\/p>\n<p>[\/vc_column_text][\/vc_column][\/vc_row]<\/p>\n","protected":false},"excerpt":{"rendered":"<p>[vc_row][vc_column][vc_column_text] \u00a1Despierta! 16 de abril de 1834. La tierra quiere o\u00edr tu voz, el pueblo clama por un profeta. \u00a1Entra!&hellip;<\/p>\n","protected":false},"featured_media":3475,"comment_status":"closed","ping_status":"closed","template":"","class_list":["post-3947","fw-portfolio","type-fw-portfolio","status-publish","has-post-thumbnail","hentry","fw-portfolio-category-orar"],"_links":{"self":[{"href":"https:\/\/hijasdesanjose.org\/en\/wp-json\/wp\/v2\/fw-portfolio\/3947","targetHints":{"allow":["GET"]}}],"collection":[{"href":"https:\/\/hijasdesanjose.org\/en\/wp-json\/wp\/v2\/fw-portfolio"}],"about":[{"href":"https:\/\/hijasdesanjose.org\/en\/wp-json\/wp\/v2\/types\/fw-portfolio"}],"replies":[{"embeddable":true,"href":"https:\/\/hijasdesanjose.org\/en\/wp-json\/wp\/v2\/comments?post=3947"}],"version-history":[{"count":3,"href":"https:\/\/hijasdesanjose.org\/en\/wp-json\/wp\/v2\/fw-portfolio\/3947\/revisions"}],"predecessor-version":[{"id":12505,"href":"https:\/\/hijasdesanjose.org\/en\/wp-json\/wp\/v2\/fw-portfolio\/3947\/revisions\/12505"}],"wp:featuredmedia":[{"embeddable":true,"href":"https:\/\/hijasdesanjose.org\/en\/wp-json\/wp\/v2\/media\/3475"}],"wp:attachment":[{"href":"https:\/\/hijasdesanjose.org\/en\/wp-json\/wp\/v2\/media?parent=3947"}],"curies":[{"name":"wp","href":"https:\/\/api.w.org\/{rel}","templated":true}]}}

Celebrar la vida de Francisco Butiñá

<p>[vc_row][vc_column][vc_column_text]</p>
<p class="has-text-color has-very-dark-gray-color wp-block-paragraph"><strong>¡Despierta!</strong></p>


<p class="has-text-color has-very-dark-gray-color wp-block-paragraph">16 de abril de 1834. La tierra quiere oír tu voz, el pueblo clama por un profeta.</p>


<p class="has-text-color has-very-dark-gray-color wp-block-paragraph"><strong>¡Entra!</strong></p>


<p class="has-text-color has-very-dark-gray-color wp-block-paragraph">El Padre te espera. La Parroquia de Santa María te abre sus puertas.</p>


<p class="has-text-color has-very-dark-gray-color wp-block-paragraph">Desde hoy, hijo en la fe cristiana.</p>


<p class="has-text-color has-very-dark-gray-color wp-block-paragraph"><strong>¡Aprende!</strong></p>


<p class="has-text-color has-very-dark-gray-color wp-block-paragraph">Te abres a la vida. Aprendes las primeras letras&#8230;</p>


<p class="has-text-color has-very-dark-gray-color wp-block-paragraph">El hogar de los Butinyà: escuela de trabajo y piedad cristiana.</p>


<p class="has-text-color has-very-dark-gray-color wp-block-paragraph"><strong>¡Observa!</strong></p>


<p class="has-text-color has-very-dark-gray-color wp-block-paragraph">Todo habla de Dios: los libros, los pobres, el Evangelio&#8230;</p>


<p class="has-text-color has-very-dark-gray-color wp-block-paragraph"><strong>¡Escucha!</strong></p>


<p class="has-text-color has-very-dark-gray-color wp-block-paragraph">Es el Rey que te llama a trabajar en su campo, síguelo en la senda. Escucha y podrás seguirlo también en la gloria&#8230;</p>


<p class="has-text-color has-very-dark-gray-color wp-block-paragraph"><strong>¡Responde!</strong></p>


<p class="has-text-color has-very-dark-gray-color wp-block-paragraph">1854. Deja en tu hogar los veinte años de taller y plegarias familiares, toma el nuevo arado de la vida religiosa y sirve al Rey en la Compañía de Jesús&#8230;</p>


<p class="has-text-color has-very-dark-gray-color wp-block-paragraph"><strong>¡Ofrece!</strong></p>


<p class="has-text-color has-very-dark-gray-color wp-block-paragraph">1856. El Todopoderoso te consagra. Tú, Hno. Butinyà, confía en su fidelidad que Él acrecentará la tuya&#8230;</p>


<p class="has-text-color has-very-dark-gray-color wp-block-paragraph"><strong>¡Celebra!</strong></p>


<p class="has-text-color has-very-dark-gray-color wp-block-paragraph">1866. Ya eres sacerdote para siempre. El instrumento que siempre quisiste ser. El «otro Cristo» que los pobres necesitan&#8230;</p>


<p class="has-text-color has-very-dark-gray-color wp-block-paragraph"><strong>¡Enseña! ¡Camina! ¡Perdona!</strong></p>


<p class="has-text-color has-very-dark-gray-color wp-block-paragraph">Es tiempo de repartir un poco de lo mucho que recibiste. Eres un apóstol entero, un obrero, un Padre&#8230;</p>


<p class="has-text-color has-very-dark-gray-color wp-block-paragraph"><strong>¡Mira!</strong></p>


<p class="has-text-color has-very-dark-gray-color wp-block-paragraph">Los pobrecitos lloran porque sus manos sangran y su corazón ha perdido la esperanza&#8230;</p>


<p class="has-text-color has-very-dark-gray-color wp-block-paragraph"><strong>¡Intuye!</strong></p>


<p class="has-text-color has-very-dark-gray-color wp-block-paragraph">¿Quién puede enseñar a estos hombres que Dios está cerca?</p>


<p class="has-text-color has-very-dark-gray-color wp-block-paragraph"><strong>¡Contempla!</strong></p>


<p class="has-text-color has-very-dark-gray-color wp-block-paragraph">El Taller de Nazaret, donde vive y trabaja la Sagrada Familia&#8230; graba en tu alma los valores que allí encontraste: pobreza, sencillez&#8230; caridad mutua&#8230; amor al trabajo&#8230; cercanía de Dios.</p>


<p class="has-text-color has-very-dark-gray-color wp-block-paragraph"><strong>¡Surge!</strong></p>


<p class="has-text-color has-very-dark-gray-color wp-block-paragraph">1874. Está brotando aquella semilla de apostolado social que de tiempo viene germinando en ti. En medio de un campo devastado y teñido de sangre, en una Iglesia desconcertada pero valiente aún, ¡nacen las Siervas&#8230;!</p>


<p class="has-text-color has-very-dark-gray-color wp-block-paragraph"><strong>¡Florece!</strong></p>


<p class="has-text-color has-very-dark-gray-color wp-block-paragraph">1875. En Calella también la tierra es generosa y tú lo sabes. El Espíritu te lleva por el camino donde encontrar las flores: María Gri, María Comas, Dolores Ros&#8230; Y tú las ves crecer, Padre, bajo tu mirada amorosa, vigilante, profética.</p>


<p class="has-text-color has-very-dark-gray-color wp-block-paragraph"><strong>¡Escribe!</strong></p>


<p class="has-text-color has-very-dark-gray-color wp-block-paragraph">Los mensajes de Dios para sus hijas deben pasar por tu pluma y perdurar para siempre como testamento vivo: tú nos das el camino para vivir el seguimiento y Él nos consagra a su servicio</p>


<p class="has-text-color has-very-dark-gray-color wp-block-paragraph"><strong>¡Cree! ¡Espera! ¡Ama!</strong></p>


<p class="has-text-color has-very-dark-gray-color wp-block-paragraph">No detengan tus pasos ni la incomprensión ni el destierro. Mañana los dolores serán gozos y los ojos de tus pobrecitos brillarán de gratitud&#8230;</p>


<p class="has-text-color has-very-dark-gray-color wp-block-paragraph"><strong>¡Descansa!</strong></p>


<p class="has-text-color has-very-dark-gray-color wp-block-paragraph">Se apagó para tus ojos el sol de este mundo, pero los abriste al Sol de la Vida, Jesús, «tu Bien»,&nbsp; nuestro Bien&#8230; Desde entonces, tu figura, más presente que nunca, renace en cada Taller, en cada josefina que intenta responder al grito de los trabajadores pobres que hoy también esperan tu mensaje de profeta&#8230;</p>


<p class="has-text-color has-very-dark-gray-color wp-block-paragraph"><strong>18 de diciembre de 1899</strong></p>


<p style="text-align:right" class="has-text-color has-very-dark-gray-color wp-block-paragraph"><em>Mariela Carrera fsj</em></p>
<p>[/vc_column_text][/vc_column][/vc_row]</p>

<p>[vc_row][vc_column][vc_column_text] ¡Despierta! 16 de abril de 1834. La tierra quiere oír tu voz, el pueblo clama por un profeta. ¡Entra!&hellip;</p>
