{"id":4125,"date":"2019-03-13T17:07:02","date_gmt":"2019-03-13T17:07:02","guid":{"rendered":"http:\/\/www.domotrade.com\/hijasdesanjose\/?post_type=fw-portfolio&#038;p=4125"},"modified":"2019-03-14T11:45:00","modified_gmt":"2019-03-14T11:45:00","slug":"un-dios-que-trabaja","status":"publish","type":"fw-portfolio","link":"https:\/\/hijasdesanjose.org\/en\/project\/un-dios-que-trabaja\/","title":{"rendered":"Un Dios que trabaja"},"content":{"rendered":"\n<p class=\"has-text-color has-very-dark-gray-color wp-block-paragraph\">En los a\u00f1os 40 \u00f3 50 de nuestra era, en el Oriente del Mare Nostrum, un peque\u00f1o movimiento de hombres y mujeres hablan con decisi\u00f3n de un tal Jes\u00fas de Nazaret, que a pesar de haber sido crucificado, dicen que vive para siempre.<\/p>\n\n\n\n<p class=\"has-text-color has-very-dark-gray-color wp-block-paragraph\">Todo podr\u00eda quedar en nada,&nbsp;es decir, en una aguda observaci\u00f3n, que sentencia el fen\u00f3meno consider\u00e1ndolos fan\u00e1ticos, exaltados e ignorantes. Pero la cuesti\u00f3n no acaba ah\u00ed. Lo asombroso es que la predicaci\u00f3n de Jes\u00fas Resucitado va acompa\u00f1ada de gestos y actitudes realmente novedosas, que trastocan los esquemas convencionales. \u00bfQui\u00e9nes son estos creyentes? \u00bfQu\u00e9 est\u00e1 pasando con ellos?<\/p>\n\n\n\n<p class=\"has-text-color has-very-dark-gray-color wp-block-paragraph\">Han constituido una verdadera comunidad, donde todo lo&nbsp;ponen en com\u00fan. Se ayudan mutuamente y socorren a otros en sus&nbsp;necesidades. No tienen miedo de la persecuci\u00f3n, viven alegres, convencidos&#8230;. Por eso, por inaudito que sea su mensaje, algo en sus palabras sabe a vida verdadera.<\/p>\n\n\n\n<p class=\"has-text-color has-very-dark-gray-color wp-block-paragraph\">\u00bfC\u00f3mo y d\u00f3nde empez\u00f3 todo? Ese tal Jes\u00fas era natural de Nazaret, el hijo del carpintero. Los testigos de su muerte y resurrecci\u00f3n no parecen tener muchas noticias de su vida oculta, apenas hablan de ello y s\u00f3lo lo har\u00e1n despu\u00e9s de varias generaciones de creyentes. Pero los hechos y dichos que cuentan sobre Jes\u00fas reflejan una personalidad extraordinaria: un hombre acostumbrado a largas caminatas, noches sin dormir y d\u00edas sin comer, despreocupado de s\u00ed mismo, volcado en los dem\u00e1s, con una gran capacidad de relaci\u00f3n con toda clase de personas, acostumbrado a leer las se\u00f1ales de la naturaleza, la mirada de las personas y los signos de los tiempos, de una especial sensibilidad ante todo lo humano y ante todo lo divino, capaz de llorar, emocionarse, gritar, denunciar y pronunciar palabras de perd\u00f3n y consuelo.<\/p>\n\n\n\n<p class=\"has-text-color has-very-dark-gray-color wp-block-paragraph\">\u00bfC\u00f3mo y d\u00f3nde empez\u00f3 todo? \u00bfC\u00f3mo y d\u00f3nde se forj\u00f3 esta rica personalidad? \u00bfC\u00f3mo y d\u00f3nde se fragu\u00f3 esta fortaleza humana, este encanto divino? La respuesta est\u00e1 en los largos a\u00f1os de la vida oculta en Nazaret. Los testigos lo dir\u00e1n de forma muy breve: &#8220;Jes\u00fas crec\u00eda en edad, sabidur\u00eda y gracia&#8230;&#8221; Crec\u00eda trabajando. Trabajando se asoma al misterio de lo que significa ser hombre: lucha, realizaci\u00f3n, sufrimiento, superaci\u00f3n, limitaci\u00f3n, anonimato, satisfacci\u00f3n, cooperaci\u00f3n, corresponsabilidad, servicio&#8230; Trabajando se asoma tambi\u00e9n, probablemente, al Misterio de Dios, a la obra de Dios en cada persona, comparable a una construcci\u00f3n sobre roca, una paciente y esperanzada siembra o el silencioso proceso por el que fermenta el pan.<\/p>\n\n\n\n<p class=\"has-text-color has-very-dark-gray-color wp-block-paragraph\">Hace m\u00e1s de un siglo, Francisco Buti\u00f1\u00e1 contemplaba con admiraci\u00f3n una hermosa paradoja: Dios todopoderoso y eterno pone sus ojos para elegir morada en la humilde casita de unos obreros. No es una decisi\u00f3n pasajera. Marcar\u00e1 el destino del Hijo. La encarnaci\u00f3n se realiza en ese molde y no en otro. Ser\u00e1 para siempre Nazareno.<\/p>\n\n\n\n<p class=\"has-text-color has-very-dark-gray-color wp-block-paragraph\">Hoy nosotros, hombres y mujeres del siglo XXI, acostumbrados a casi todo, somos emplazados a entrar de puntillas y silenciosamente en el coraz\u00f3n de la realidad y asomarnos con fe al misterio de un Dios que trabaja, que asume desde dentro la vida cotidiana de miles de millones de seres humanos del mundo entero. \u00bfSer\u00e1 posible? \u00bfTiene sentido? \u00bfPor qu\u00e9? \u00bfPara qu\u00e9?<\/p>\n\n\n\n<p class=\"has-text-color has-very-dark-gray-color wp-block-paragraph\">D\u00e9jate de preguntas y abre tu coraz\u00f3n a la novedad de Dios. D\u00e9jate seducir por su Hijo, hecho Obrero, por su fortaleza humana, por su encanto divino. Recuerda, que todo se forj\u00f3 en Nazaret, en casa del carpintero. Dios que trabaja y que lo hace como t\u00fa y contigo. Y eso, s\u00f3lo es el comienzo. El evangelio de Nazaret tiene muchos matices que podemos seguir compartiendo. \u00bfTe gustar\u00eda conocerlo?<\/p>\n\n\n\n<p style=\"text-align:right\" class=\"has-text-color has-very-dark-gray-color wp-block-paragraph\"><em>Ana Romero fsj<\/em><\/p>\n","protected":false},"excerpt":{"rendered":"<p>En los a\u00f1os 40 \u00f3 50 de nuestra era, en el Oriente del Mare Nostrum, un peque\u00f1o movimiento de hombres&hellip;<\/p>\n","protected":false},"featured_media":3756,"comment_status":"closed","ping_status":"closed","template":"","class_list":["post-4125","fw-portfolio","type-fw-portfolio","status-publish","has-post-thumbnail","hentry","fw-portfolio-category-leer"],"_links":{"self":[{"href":"https:\/\/hijasdesanjose.org\/en\/wp-json\/wp\/v2\/fw-portfolio\/4125","targetHints":{"allow":["GET"]}}],"collection":[{"href":"https:\/\/hijasdesanjose.org\/en\/wp-json\/wp\/v2\/fw-portfolio"}],"about":[{"href":"https:\/\/hijasdesanjose.org\/en\/wp-json\/wp\/v2\/types\/fw-portfolio"}],"replies":[{"embeddable":true,"href":"https:\/\/hijasdesanjose.org\/en\/wp-json\/wp\/v2\/comments?post=4125"}],"version-history":[{"count":3,"href":"https:\/\/hijasdesanjose.org\/en\/wp-json\/wp\/v2\/fw-portfolio\/4125\/revisions"}],"predecessor-version":[{"id":4324,"href":"https:\/\/hijasdesanjose.org\/en\/wp-json\/wp\/v2\/fw-portfolio\/4125\/revisions\/4324"}],"wp:featuredmedia":[{"embeddable":true,"href":"https:\/\/hijasdesanjose.org\/en\/wp-json\/wp\/v2\/media\/3756"}],"wp:attachment":[{"href":"https:\/\/hijasdesanjose.org\/en\/wp-json\/wp\/v2\/media?parent=4125"}],"curies":[{"name":"wp","href":"https:\/\/api.w.org\/{rel}","templated":true}]}}

<p class="has-text-color has-very-dark-gray-color wp-block-paragraph">En los años 40 ó 50 de nuestra era, en el Oriente del Mare Nostrum, un pequeño movimiento de hombres y mujeres hablan con decisión de un tal Jesús de Nazaret, que a pesar de haber sido crucificado, dicen que vive para siempre.</p>



<p class="has-text-color has-very-dark-gray-color wp-block-paragraph">Todo podría quedar en nada,&nbsp;es decir, en una aguda observación, que sentencia el fenómeno considerándolos fanáticos, exaltados e ignorantes. Pero la cuestión no acaba ahí. Lo asombroso es que la predicación de Jesús Resucitado va acompañada de gestos y actitudes realmente novedosas, que trastocan los esquemas convencionales. ¿Quiénes son estos creyentes? ¿Qué está pasando con ellos?</p>



<p class="has-text-color has-very-dark-gray-color wp-block-paragraph">Han constituido una verdadera comunidad, donde todo lo&nbsp;ponen en común. Se ayudan mutuamente y socorren a otros en sus&nbsp;necesidades. No tienen miedo de la persecución, viven alegres, convencidos&#8230;. Por eso, por inaudito que sea su mensaje, algo en sus palabras sabe a vida verdadera.</p>



<p class="has-text-color has-very-dark-gray-color wp-block-paragraph">¿Cómo y dónde empezó todo? Ese tal Jesús era natural de Nazaret, el hijo del carpintero. Los testigos de su muerte y resurrección no parecen tener muchas noticias de su vida oculta, apenas hablan de ello y sólo lo harán después de varias generaciones de creyentes. Pero los hechos y dichos que cuentan sobre Jesús reflejan una personalidad extraordinaria: un hombre acostumbrado a largas caminatas, noches sin dormir y días sin comer, despreocupado de sí mismo, volcado en los demás, con una gran capacidad de relación con toda clase de personas, acostumbrado a leer las señales de la naturaleza, la mirada de las personas y los signos de los tiempos, de una especial sensibilidad ante todo lo humano y ante todo lo divino, capaz de llorar, emocionarse, gritar, denunciar y pronunciar palabras de perdón y consuelo.</p>



<p class="has-text-color has-very-dark-gray-color wp-block-paragraph">¿Cómo y dónde empezó todo? ¿Cómo y dónde se forjó esta rica personalidad? ¿Cómo y dónde se fraguó esta fortaleza humana, este encanto divino? La respuesta está en los largos años de la vida oculta en Nazaret. Los testigos lo dirán de forma muy breve: &#8220;Jesús crecía en edad, sabiduría y gracia&#8230;&#8221; Crecía trabajando. Trabajando se asoma al misterio de lo que significa ser hombre: lucha, realización, sufrimiento, superación, limitación, anonimato, satisfacción, cooperación, corresponsabilidad, servicio&#8230; Trabajando se asoma también, probablemente, al Misterio de Dios, a la obra de Dios en cada persona, comparable a una construcción sobre roca, una paciente y esperanzada siembra o el silencioso proceso por el que fermenta el pan.</p>



<p class="has-text-color has-very-dark-gray-color wp-block-paragraph">Hace más de un siglo, Francisco Butiñá contemplaba con admiración una hermosa paradoja: Dios todopoderoso y eterno pone sus ojos para elegir morada en la humilde casita de unos obreros. No es una decisión pasajera. Marcará el destino del Hijo. La encarnación se realiza en ese molde y no en otro. Será para siempre Nazareno.</p>



<p class="has-text-color has-very-dark-gray-color wp-block-paragraph">Hoy nosotros, hombres y mujeres del siglo XXI, acostumbrados a casi todo, somos emplazados a entrar de puntillas y silenciosamente en el corazón de la realidad y asomarnos con fe al misterio de un Dios que trabaja, que asume desde dentro la vida cotidiana de miles de millones de seres humanos del mundo entero. ¿Será posible? ¿Tiene sentido? ¿Por qué? ¿Para qué?</p>



<p class="has-text-color has-very-dark-gray-color wp-block-paragraph">Déjate de preguntas y abre tu corazón a la novedad de Dios. Déjate seducir por su Hijo, hecho Obrero, por su fortaleza humana, por su encanto divino. Recuerda, que todo se forjó en Nazaret, en casa del carpintero. Dios que trabaja y que lo hace como tú y contigo. Y eso, sólo es el comienzo. El evangelio de Nazaret tiene muchos matices que podemos seguir compartiendo. ¿Te gustaría conocerlo?</p>



<p style="text-align:right" class="has-text-color has-very-dark-gray-color wp-block-paragraph"><em>Ana Romero fsj</em></p>

<p>En los años 40 ó 50 de nuestra era, en el Oriente del Mare Nostrum, un pequeño movimiento de hombres&hellip;</p>
