{"id":6605,"date":"2019-03-20T14:00:05","date_gmt":"2019-03-20T14:00:05","guid":{"rendered":"https:\/\/hijasdesanjose.org\/es\/?post_type=fw-portfolio&#038;p=6605"},"modified":"2021-04-13T22:31:55","modified_gmt":"2021-04-13T22:31:55","slug":"orar-en-el-mundo-de-la-cibernetica","status":"publish","type":"fw-portfolio","link":"https:\/\/hijasdesanjose.org\/en\/project\/orar-en-el-mundo-de-la-cibernetica\/","title":{"rendered":"Orar en el mundo de la cibern\u00e9tica"},"content":{"rendered":"<p>[vc_row][vc_column width=&#8221;1\/6&#8243;][\/vc_column][vc_column width=&#8221;4\/6&#8243;][vc_column_text]Vamos inaugurando una sociedad en la que lo extraordinario no ser\u00e1 ya estar conectado, sino no estarlo. A\u00fan tenemos que contratar, pagar, configurar, conectar\u2026 para acceder a la red. Pero dentro de poco estaremos conectados por defecto a la red cibern\u00e1utica, sin hacer nada, de la misma manera que estamos conectados por defecto a la red hidr\u00e1ulica o a la el\u00e9ctrica. Pronto todos los rincones y recovecos del planeta tendr\u00e1n cobertura. Una gran y \u00fanica manta cubrir\u00e1 el planeta (en Francia una <em>couverture <\/em>es una manta).<\/p>\n<p>Una red global se encargar\u00e1 (se encarga ya) de cubrir todas nuestras necesidades e inquietudes. Lo hace bastante bien, aunque con una trampa: satisface en exceso la necesidad de pan, mientras va acallando por defecto la necesidad de palabra. \u201cD\u00e9mosles mucha informaci\u00f3n \u2013 dijo dios.net \u2013, y que as\u00ed no sepan nada; d\u00e9mosles a mirar muchas im\u00e1genes, y que as\u00ed no vean nada; d\u00e9mosles sensaciones de impacto y continuadas, y que as\u00ed no sientan nada.\u201d<\/p>\n<p>Ahora la red reemplaza a Dios, es el magma informe en el que \u201cvivimos, nos movemos y somos.\u201d Ella nos lo da todo: conversaci\u00f3n, amistad, conocimientos, emociones fuertes, alimentos y el \u00faltimo <em>gadget <\/em>tecnol\u00f3gico. Racionado y en dosis precisas, ella nos da el man\u00e1: ya no necesitamos nada. Cubiertos por dios.net, no necesitamos a Dios. Pero una felicidad dosificada, no es feliz. Se pueden tener todas las necesidades cubiertas, menos una. La necesidad de plenitud no se cubre nunca del todo, porque hay muerte. Morimos en lo mejor de la fiesta y eso no lo puede cubrir ninguna compa\u00f1\u00eda de seguros, por eficaz que parezca. Eso o nos hunde o nos acerca a Dios. S\u00f3lo Dios puede cubrir ese anhelo insaciable de plenitud. Cubrirlo sin falsas coberturas, dej\u00e1ndolo al descubierto.<\/p>\n<p>Para encontrar a Dios, entonces, habr\u00e1 que recobrar primero la necesidad de buscarle. Habr\u00e1 quiz\u00e1s que hacerle un agujero a la manta, salir de Egipto, atravesar el desierto, soltar amarras y remar, abandonar las redes e ir tras \u00e9l, pasar sin madriguera y sin nido, poner las manos en el arado y no mirar atr\u00e1s. <strong>Para encontrar a Dios en un mundo globalmente cubierto, habr\u00e1 quiz\u00e1s que arriesgarse a vivir sin cobertura. <\/strong><\/p>\n<p><em>Marc Vilarassau s.j. (tomado de pastoralsj.org)<\/em>[\/vc_column_text][\/vc_column][vc_column width=&#8221;1\/6&#8243;][\/vc_column][\/vc_row][vc_row][vc_column width=&#8221;1\/6&#8243;][\/vc_column][vc_column width=&#8221;4\/6&#8243;][vc_video link=&#8221;https:\/\/www.youtube.com\/watch?v=fcepLUTOA80&#8243; align=&#8221;center&#8221;][\/vc_column][vc_column width=&#8221;1\/6&#8243;][\/vc_column][\/vc_row]<\/p>\n","protected":false},"excerpt":{"rendered":"<p>[vc_row][vc_column width=&#8221;1\/6&#8243;][\/vc_column][vc_column width=&#8221;4\/6&#8243;][vc_column_text]Vamos inaugurando una sociedad en la que lo extraordinario no ser\u00e1 ya estar conectado, sino no estarlo. A\u00fan&hellip;<\/p>\n","protected":false},"featured_media":6607,"comment_status":"open","ping_status":"closed","template":"","class_list":["post-6605","fw-portfolio","type-fw-portfolio","status-publish","has-post-thumbnail","hentry","fw-portfolio-category-orar-el-encuentro"],"_links":{"self":[{"href":"https:\/\/hijasdesanjose.org\/en\/wp-json\/wp\/v2\/fw-portfolio\/6605","targetHints":{"allow":["GET"]}}],"collection":[{"href":"https:\/\/hijasdesanjose.org\/en\/wp-json\/wp\/v2\/fw-portfolio"}],"about":[{"href":"https:\/\/hijasdesanjose.org\/en\/wp-json\/wp\/v2\/types\/fw-portfolio"}],"replies":[{"embeddable":true,"href":"https:\/\/hijasdesanjose.org\/en\/wp-json\/wp\/v2\/comments?post=6605"}],"version-history":[{"count":4,"href":"https:\/\/hijasdesanjose.org\/en\/wp-json\/wp\/v2\/fw-portfolio\/6605\/revisions"}],"predecessor-version":[{"id":16620,"href":"https:\/\/hijasdesanjose.org\/en\/wp-json\/wp\/v2\/fw-portfolio\/6605\/revisions\/16620"}],"wp:featuredmedia":[{"embeddable":true,"href":"https:\/\/hijasdesanjose.org\/en\/wp-json\/wp\/v2\/media\/6607"}],"wp:attachment":[{"href":"https:\/\/hijasdesanjose.org\/en\/wp-json\/wp\/v2\/media?parent=6605"}],"curies":[{"name":"wp","href":"https:\/\/api.w.org\/{rel}","templated":true}]}}

Orar en el mundo de la cibernética

<p>[vc_row][vc_column width=&#8221;1/6&#8243;][/vc_column][vc_column width=&#8221;4/6&#8243;][vc_column_text]Vamos inaugurando una sociedad en la que lo extraordinario no será ya estar conectado, sino no estarlo. Aún tenemos que contratar, pagar, configurar, conectar… para acceder a la red. Pero dentro de poco estaremos conectados por defecto a la red cibernáutica, sin hacer nada, de la misma manera que estamos conectados por defecto a la red hidráulica o a la eléctrica. Pronto todos los rincones y recovecos del planeta tendrán cobertura. Una gran y única manta cubrirá el planeta (en Francia una <em>couverture </em>es una manta).</p>
<p>Una red global se encargará (se encarga ya) de cubrir todas nuestras necesidades e inquietudes. Lo hace bastante bien, aunque con una trampa: satisface en exceso la necesidad de pan, mientras va acallando por defecto la necesidad de palabra. “Démosles mucha información – dijo dios.net –, y que así no sepan nada; démosles a mirar muchas imágenes, y que así no vean nada; démosles sensaciones de impacto y continuadas, y que así no sientan nada.”</p>
<p>Ahora la red reemplaza a Dios, es el magma informe en el que “vivimos, nos movemos y somos.” Ella nos lo da todo: conversación, amistad, conocimientos, emociones fuertes, alimentos y el último <em>gadget </em>tecnológico. Racionado y en dosis precisas, ella nos da el maná: ya no necesitamos nada. Cubiertos por dios.net, no necesitamos a Dios. Pero una felicidad dosificada, no es feliz. Se pueden tener todas las necesidades cubiertas, menos una. La necesidad de plenitud no se cubre nunca del todo, porque hay muerte. Morimos en lo mejor de la fiesta y eso no lo puede cubrir ninguna compañía de seguros, por eficaz que parezca. Eso o nos hunde o nos acerca a Dios. Sólo Dios puede cubrir ese anhelo insaciable de plenitud. Cubrirlo sin falsas coberturas, dejándolo al descubierto.</p>
<p>Para encontrar a Dios, entonces, habrá que recobrar primero la necesidad de buscarle. Habrá quizás que hacerle un agujero a la manta, salir de Egipto, atravesar el desierto, soltar amarras y remar, abandonar las redes e ir tras él, pasar sin madriguera y sin nido, poner las manos en el arado y no mirar atrás. <strong>Para encontrar a Dios en un mundo globalmente cubierto, habrá quizás que arriesgarse a vivir sin cobertura. </strong></p>
<p><em>Marc Vilarassau s.j. (tomado de pastoralsj.org)</em>[/vc_column_text][/vc_column][vc_column width=&#8221;1/6&#8243;][/vc_column][/vc_row][vc_row][vc_column width=&#8221;1/6&#8243;][/vc_column][vc_column width=&#8221;4/6&#8243;][vc_video link=&#8221;https://www.youtube.com/watch?v=fcepLUTOA80&#8243; align=&#8221;center&#8221;][/vc_column][vc_column width=&#8221;1/6&#8243;][/vc_column][/vc_row]</p>

<p>[vc_row][vc_column width=&#8221;1/6&#8243;][/vc_column][vc_column width=&#8221;4/6&#8243;][vc_column_text]Vamos inaugurando una sociedad en la que lo extraordinario no será ya estar conectado, sino no estarlo. Aún&hellip;</p>
