{"id":9769,"date":"2020-04-06T23:38:31","date_gmt":"2020-04-06T23:38:31","guid":{"rendered":"https:\/\/hijasdesanjose.org\/?post_type=fw-portfolio&#038;p=9769"},"modified":"2021-04-08T15:56:57","modified_gmt":"2021-04-08T15:56:57","slug":"domingo-de-resurreccion","status":"publish","type":"fw-portfolio","link":"https:\/\/hijasdesanjose.org\/en\/project\/domingo-de-resurreccion\/","title":{"rendered":"Domingo de Resurrecci\u00f3n"},"content":{"rendered":"<p>[vc_row][vc_column width=&#8221;1\/6&#8243;][\/vc_column][vc_column width=&#8221;4\/6&#8243;][vc_column_text]<\/p>\n<div class=\"wp-block-file\"><a href=\"https:\/\/hijasdesanjose.org\/wp-content\/uploads\/2020\/04\/DOMINGO-DE-RESURRECCI\u00d3N-WEB-FSJ.pdf\">DOMINGO-DE-RESURRECCI\u00d3N-WEB-FSJ <\/a><a class=\"wp-block-file__button\" href=\"https:\/\/hijasdesanjose.org\/wp-content\/uploads\/2020\/04\/DOMINGO-DE-RESURRECCI\u00d3N-WEB-FSJ.pdf\" download=\"\">Descarga oraci\u00f3n completa<\/a><\/div>\n<p>&nbsp;<\/p>\n<p style=\"text-align: center;\"><em>\u201cPedir gracia para alegrarme y gozar intensamente de tanta gloria y gozo de Cristo, nuestro Se\u00f1or\u201d (San Ignacio de Loyola, EE 221).<\/em><\/p>\n<p style=\"text-align: center;\"><em>\u201cMirar el oficio de consolar, que Cristo nuestro Se\u00f1or trae, y comparando como unos amigos suelen consolar a otros\u201d (EE 224).\u00a0<\/em><\/p>\n<p>&nbsp;<\/p>\n<p>La contemplaci\u00f3n del Misterio Pascual es la cumbre de nuestra fe. Es como ese momento especial en el que uno descubre que todo ha sido necesario para llegar a esta experiencia de la Presencia de Jes\u00fas, de una manera nueva y definitiva.<\/p>\n<p>Es dif\u00edcil contemplar la Resurrecci\u00f3n. Podemos tener experiencias previas de dolor, de p\u00e9rdida de un ser querido\u2026 Y, a veces, nos cuesta mucho pasar a otra clave. Adem\u00e1s, la Resurrecci\u00f3n no es simplemente una superaci\u00f3n del duelo, ni tampoco es que un muerto vuelve a la vida. Es algo m\u00e1s. Es algo distinto. Es algo que sobrepasa nuestra comprensi\u00f3n.<\/p>\n<p>Por eso, un modo de acercarnos a la Resurrecci\u00f3n es considerar los \u201cefectos\u201d que produce en los primeros testigos. \u00bfQu\u00e9 le ocurri\u00f3 a Pedro, Mar\u00eda, Magdalena, y los dem\u00e1s disc\u00edpulos, unos d\u00edas despu\u00e9s de la muerte de Jes\u00fas? \u00a0\u00bfC\u00f3mo explicar el cambio radical en sus actitudes?<\/p>\n<p>&nbsp;<\/p>\n<p><strong>PALABRA DE DIOS: Juan 20,1-9<\/strong><\/p>\n<p>El primer d\u00eda de la semana, Mar\u00eda, la Magdalena, fue al sepulcro al amanecer, cuando a\u00fan estaba oscuro, y vio la losa quitada del sepulcro. Ech\u00f3 a correr y fue donde estaban Sim\u00f3n Pedro y el otro disc\u00edpulo, a quien Jes\u00fas amaba, y les dijo: \u00abSe han llevado del sepulcro al Se\u00f1or y no sabemos d\u00f3nde lo han puesto\u00bb.<br \/>Salieron Pedro y el otro disc\u00edpulo camino del sepulcro. Los dos corr\u00edan juntos, pero el otro disc\u00edpulo corr\u00eda m\u00e1s que Pedro; se adelant\u00f3 y lleg\u00f3 primero al sepulcro; e, inclin\u00e1ndose, vio los lienzos tendidos; pero no entr\u00f3. Lleg\u00f3 tambi\u00e9n Sim\u00f3n Pedro detr\u00e1s de \u00e9l y entr\u00f3 en el sepulcro: vio los lienzos tendidos y el sudario con que le hab\u00edan cubierto la cabeza, no con los lienzos, sino enrollado en un sitio aparte. Entonces entr\u00f3 tambi\u00e9n el otro disc\u00edpulo, el que hab\u00eda llegado primero al sepulcro; vio y crey\u00f3. Pues hasta entonces no hab\u00edan entendido la Escritura: que \u00c9l hab\u00eda de resucitar de entre los muertos.<\/p>\n<p>&nbsp;<\/p>\n<p><strong>INVITACI\u00d3N A CONTEMPLAR:<\/strong><\/p>\n<p>De los textos evang\u00e9licos de estos d\u00edas, este relato resulta tan misterioso como encantador. Todav\u00eda no aparece el Resucitado y, sin embargo, ya se adivina con fuerza su presencia.<\/p>\n<p>Mar\u00eda fue la primera en levantarse, cuando todav\u00eda estaba oscuro, anegada por una gran pena. Posiblemente intenta refugiarse en el recuerdo, en la memoria de aquel que la san\u00f3 y la am\u00f3 como nadie. A Mar\u00eda le parece que su vida se ha detenido en el pasado. Lo que todav\u00eda no sabe es que lo mejor est\u00e1 por llegar.<\/p>\n<p>Por su parte, Pedro y el otro disc\u00edpulo, el que Jes\u00fas amaba, salen corriendo alertados por la mujer.\u00a0 \u00bfQui\u00e9n es este otro disc\u00edpulo? Quiz\u00e1s t\u00fa mismo, t\u00fa misma, y puedes imaginarte corriendo junto a Pedro, junto a Mar\u00eda\u2026 Y al llegar al sepulcro, dejarle paso a ellos, a los primeros testigos\u2026 Porque de ellos, de los que \u201cllegaron\u201d primero, hemos recibido el anuncio de la Resurrecci\u00f3n, sobre el que se construye la Iglesia.<\/p>\n<p>El disc\u00edpulo amado, que puedes ser t\u00fa, vio y crey\u00f3. \u00bfQu\u00e9 evidencias ten\u00eda? En realidad, un sepulcro vac\u00edo pod\u00eda tener muchas explicaciones racionales, por ejemplo, que alguien se ha llevado el cad\u00e1ver. Y sin embargo, eso ni siquiera se contempla. Hay una certeza del coraz\u00f3n que, sin forzar nada, se impone: el disc\u00edpulo \u201cvio y crey\u00f3\u201d.<\/p>\n<p>\u00bfNo te pasa, a veces, que sin saber por qu\u00e9, sin tener razones o argumentos, algunas circunstancias o acontecimientos te invitan a ver y creer en \u201calgo m\u00e1s\u201d, a ver m\u00e1s all\u00e1 de lo que aparece, a creer en el sentido profundo de las cosas, a reconocer en todo la Presencia que todo lo habita.<\/p>\n<p>El texto evang\u00e9lico de hoy es hermoso porque es una discreta invitaci\u00f3n dirigida a cada uno. Jes\u00fas Resucitado no se impone con una poderosa y fulgurante aparici\u00f3n. Mar\u00eda, Pedro, aquel disc\u00edpulo amado y t\u00fa, nuevo disc\u00edpulo amado\u2026 somos invitados a mirar con esperanza esos lugares que hoy nos parecen de muerte. No solo esperanza\u2026 algo m\u00e1s\u2026 La certeza de que Dios tiene la \u00faltima palabra, y esta es de VIDA ABUNDANTE.<\/p>\n<p>En el evangelio de hoy, todos tienen prisa. Han de salir corriendo porque algo grande espera ah\u00ed fuera. En este d\u00eda de Pascua no podemos salir de nuestras casas\u2026 apenas a la ventana, al balc\u00f3n, a la terraza\u2026 Pero, en alg\u00fan momento de este domingo, pongamos a punto el coraz\u00f3n, para salir a buscar al Se\u00f1or Resucitado, presente y glorioso en cualquier rinc\u00f3n de nuestra historia.<\/p>\n<p>&nbsp;<\/p>\n\n<div class=\"wp-block-image\">\n<figure class=\"aligncenter size-large is-resized\"><img loading=\"lazy\" decoding=\"async\" class=\"wp-image-9772 aligncenter\" src=\"https:\/\/hijasdesanjose.org\/wp-content\/uploads\/2020\/04\/IMG-20190828-WA0097-768x1024.jpg\" alt=\"\" width=\"464\" height=\"619\" srcset=\"https:\/\/hijasdesanjose.org\/wp-content\/uploads\/2020\/04\/IMG-20190828-WA0097-768x1024.jpg 768w, https:\/\/hijasdesanjose.org\/wp-content\/uploads\/2020\/04\/IMG-20190828-WA0097-225x300.jpg 225w, https:\/\/hijasdesanjose.org\/wp-content\/uploads\/2020\/04\/IMG-20190828-WA0097.jpg 774w\" sizes=\"auto, (max-width: 464px) 100vw, 464px\" \/><\/figure>\n<\/div>\n<p>&nbsp;<\/p>\n<p>&nbsp;<\/p>\n<p><strong>GESTO CELEBRATIVO:<\/strong><\/p>\n<p>As\u00ed como el Domingo de Ramos pusimos en nuestro balc\u00f3n una rama de olivo, en el d\u00eda de hoy, piensa, junto a tu familia, c\u00f3mo adornar nuestra ventana para que exprese la fiesta y la alegr\u00eda. Quiz\u00e1s un lienzo blanco, o de colores, o flores, o dibujos de los ni\u00f1os\u2026 Anunciemos, como mejor sepamos y podamos, que Cristo ha resucitado.<\/p>\n<p>Y a continuaci\u00f3n, llamemos a los amigos, conocidos, familiares\u2026 y tengamos con ellos palabras animadas y confortadoras, como Jes\u00fas Resucitaba consol\u00f3 y sigue consolando a sus amigos.<\/p>\n<p>\u00a0<\/p>\n<p>[\/vc_column_text][\/vc_column][vc_column width=&#8221;1\/6&#8243;][\/vc_column][\/vc_row]<\/p>\n","protected":false},"excerpt":{"rendered":"<p>[vc_row][vc_column width=&#8221;1\/6&#8243;][\/vc_column][vc_column width=&#8221;4\/6&#8243;][vc_column_text]\u00a0 [\/vc_column_text][\/vc_column][vc_column width=&#8221;1\/6&#8243;][\/vc_column][\/vc_row]<\/p>\n","protected":false},"featured_media":9771,"comment_status":"open","ping_status":"closed","template":"","class_list":["post-9769","fw-portfolio","type-fw-portfolio","status-publish","has-post-thumbnail","hentry","fw-portfolio-category-pascua2020"],"_links":{"self":[{"href":"https:\/\/hijasdesanjose.org\/en\/wp-json\/wp\/v2\/fw-portfolio\/9769","targetHints":{"allow":["GET"]}}],"collection":[{"href":"https:\/\/hijasdesanjose.org\/en\/wp-json\/wp\/v2\/fw-portfolio"}],"about":[{"href":"https:\/\/hijasdesanjose.org\/en\/wp-json\/wp\/v2\/types\/fw-portfolio"}],"replies":[{"embeddable":true,"href":"https:\/\/hijasdesanjose.org\/en\/wp-json\/wp\/v2\/comments?post=9769"}],"version-history":[{"count":5,"href":"https:\/\/hijasdesanjose.org\/en\/wp-json\/wp\/v2\/fw-portfolio\/9769\/revisions"}],"predecessor-version":[{"id":16422,"href":"https:\/\/hijasdesanjose.org\/en\/wp-json\/wp\/v2\/fw-portfolio\/9769\/revisions\/16422"}],"wp:featuredmedia":[{"embeddable":true,"href":"https:\/\/hijasdesanjose.org\/en\/wp-json\/wp\/v2\/media\/9771"}],"wp:attachment":[{"href":"https:\/\/hijasdesanjose.org\/en\/wp-json\/wp\/v2\/media?parent=9769"}],"curies":[{"name":"wp","href":"https:\/\/api.w.org\/{rel}","templated":true}]}}

Domingo de Resurrección

<p>[vc_row][vc_column width=&#8221;1/6&#8243;][/vc_column][vc_column width=&#8221;4/6&#8243;][vc_column_text]</p>
<div class="wp-block-file"><a href="https://hijasdesanjose.org/wp-content/uploads/2020/04/DOMINGO-DE-RESURRECCIÓN-WEB-FSJ.pdf">DOMINGO-DE-RESURRECCIÓN-WEB-FSJ </a><a class="wp-block-file__button" href="https://hijasdesanjose.org/wp-content/uploads/2020/04/DOMINGO-DE-RESURRECCIÓN-WEB-FSJ.pdf" download="">Descarga oración completa</a></div>
<p>&nbsp;</p>
<p style="text-align: center;"><em>“Pedir gracia para alegrarme y gozar intensamente de tanta gloria y gozo de Cristo, nuestro Señor” (San Ignacio de Loyola, EE 221).</em></p>
<p style="text-align: center;"><em>“Mirar el oficio de consolar, que Cristo nuestro Señor trae, y comparando como unos amigos suelen consolar a otros” (EE 224). </em></p>
<p>&nbsp;</p>
<p>La contemplación del Misterio Pascual es la cumbre de nuestra fe. Es como ese momento especial en el que uno descubre que todo ha sido necesario para llegar a esta experiencia de la Presencia de Jesús, de una manera nueva y definitiva.</p>
<p>Es difícil contemplar la Resurrección. Podemos tener experiencias previas de dolor, de pérdida de un ser querido… Y, a veces, nos cuesta mucho pasar a otra clave. Además, la Resurrección no es simplemente una superación del duelo, ni tampoco es que un muerto vuelve a la vida. Es algo más. Es algo distinto. Es algo que sobrepasa nuestra comprensión.</p>
<p>Por eso, un modo de acercarnos a la Resurrección es considerar los “efectos” que produce en los primeros testigos. ¿Qué le ocurrió a Pedro, María, Magdalena, y los demás discípulos, unos días después de la muerte de Jesús?  ¿Cómo explicar el cambio radical en sus actitudes?</p>
<p>&nbsp;</p>
<p><strong>PALABRA DE DIOS: Juan 20,1-9</strong></p>
<p>El primer día de la semana, María, la Magdalena, fue al sepulcro al amanecer, cuando aún estaba oscuro, y vio la losa quitada del sepulcro. Echó a correr y fue donde estaban Simón Pedro y el otro discípulo, a quien Jesús amaba, y les dijo: «Se han llevado del sepulcro al Señor y no sabemos dónde lo han puesto».<br />Salieron Pedro y el otro discípulo camino del sepulcro. Los dos corrían juntos, pero el otro discípulo corría más que Pedro; se adelantó y llegó primero al sepulcro; e, inclinándose, vio los lienzos tendidos; pero no entró. Llegó también Simón Pedro detrás de él y entró en el sepulcro: vio los lienzos tendidos y el sudario con que le habían cubierto la cabeza, no con los lienzos, sino enrollado en un sitio aparte. Entonces entró también el otro discípulo, el que había llegado primero al sepulcro; vio y creyó. Pues hasta entonces no habían entendido la Escritura: que Él había de resucitar de entre los muertos.</p>
<p>&nbsp;</p>
<p><strong>INVITACIÓN A CONTEMPLAR:</strong></p>
<p>De los textos evangélicos de estos días, este relato resulta tan misterioso como encantador. Todavía no aparece el Resucitado y, sin embargo, ya se adivina con fuerza su presencia.</p>
<p>María fue la primera en levantarse, cuando todavía estaba oscuro, anegada por una gran pena. Posiblemente intenta refugiarse en el recuerdo, en la memoria de aquel que la sanó y la amó como nadie. A María le parece que su vida se ha detenido en el pasado. Lo que todavía no sabe es que lo mejor está por llegar.</p>
<p>Por su parte, Pedro y el otro discípulo, el que Jesús amaba, salen corriendo alertados por la mujer.  ¿Quién es este otro discípulo? Quizás tú mismo, tú misma, y puedes imaginarte corriendo junto a Pedro, junto a María… Y al llegar al sepulcro, dejarle paso a ellos, a los primeros testigos… Porque de ellos, de los que “llegaron” primero, hemos recibido el anuncio de la Resurrección, sobre el que se construye la Iglesia.</p>
<p>El discípulo amado, que puedes ser tú, vio y creyó. ¿Qué evidencias tenía? En realidad, un sepulcro vacío podía tener muchas explicaciones racionales, por ejemplo, que alguien se ha llevado el cadáver. Y sin embargo, eso ni siquiera se contempla. Hay una certeza del corazón que, sin forzar nada, se impone: el discípulo “vio y creyó”.</p>
<p>¿No te pasa, a veces, que sin saber por qué, sin tener razones o argumentos, algunas circunstancias o acontecimientos te invitan a ver y creer en “algo más”, a ver más allá de lo que aparece, a creer en el sentido profundo de las cosas, a reconocer en todo la Presencia que todo lo habita.</p>
<p>El texto evangélico de hoy es hermoso porque es una discreta invitación dirigida a cada uno. Jesús Resucitado no se impone con una poderosa y fulgurante aparición. María, Pedro, aquel discípulo amado y tú, nuevo discípulo amado… somos invitados a mirar con esperanza esos lugares que hoy nos parecen de muerte. No solo esperanza… algo más… La certeza de que Dios tiene la última palabra, y esta es de VIDA ABUNDANTE.</p>
<p>En el evangelio de hoy, todos tienen prisa. Han de salir corriendo porque algo grande espera ahí fuera. En este día de Pascua no podemos salir de nuestras casas… apenas a la ventana, al balcón, a la terraza… Pero, en algún momento de este domingo, pongamos a punto el corazón, para salir a buscar al Señor Resucitado, presente y glorioso en cualquier rincón de nuestra historia.</p>
<p>&nbsp;</p>

<div class="wp-block-image">
<figure class="aligncenter size-large is-resized"><img loading="lazy" decoding="async" class="wp-image-9772 aligncenter" src="https://hijasdesanjose.org/wp-content/uploads/2020/04/IMG-20190828-WA0097-768x1024.jpg" alt="" width="464" height="619" srcset="https://hijasdesanjose.org/wp-content/uploads/2020/04/IMG-20190828-WA0097-768x1024.jpg 768w, https://hijasdesanjose.org/wp-content/uploads/2020/04/IMG-20190828-WA0097-225x300.jpg 225w, https://hijasdesanjose.org/wp-content/uploads/2020/04/IMG-20190828-WA0097.jpg 774w" sizes="auto, (max-width: 464px) 100vw, 464px" /></figure>
</div>
<p>&nbsp;</p>
<p>&nbsp;</p>
<p><strong>GESTO CELEBRATIVO:</strong></p>
<p>Así como el Domingo de Ramos pusimos en nuestro balcón una rama de olivo, en el día de hoy, piensa, junto a tu familia, cómo adornar nuestra ventana para que exprese la fiesta y la alegría. Quizás un lienzo blanco, o de colores, o flores, o dibujos de los niños… Anunciemos, como mejor sepamos y podamos, que Cristo ha resucitado.</p>
<p>Y a continuación, llamemos a los amigos, conocidos, familiares… y tengamos con ellos palabras animadas y confortadoras, como Jesús Resucitaba consoló y sigue consolando a sus amigos.</p>
<p> </p>
<p>[/vc_column_text][/vc_column][vc_column width=&#8221;1/6&#8243;][/vc_column][/vc_row]</p>
