{"id":10385,"date":"2020-05-07T14:25:27","date_gmt":"2020-05-07T14:25:27","guid":{"rendered":"https:\/\/hijasdesanjose.org\/?page_id=10385"},"modified":"2021-04-09T16:45:51","modified_gmt":"2021-04-09T16:45:51","slug":"orar-con-maria-para-ninos","status":"publish","type":"page","link":"https:\/\/hijasdesanjose.org\/en\/orar-con-maria-para-ninos\/","title":{"rendered":"Orar con Mar\u00eda para ni\u00f1os"},"content":{"rendered":"<p>[vc_section][vc_row][vc_column width=&#8221;1\/2&#8243;][vc_custom_heading text=&#8221;Los ni\u00f1os con Mar\u00eda&#8221; font_container=&#8221;tag:h2|text_align:left|color:%23136ebf&#8221; google_fonts=&#8221;font_family:Salsa%3Aregular|font_style:400%20regular%3A400%3Anormal&#8221;][vc_empty_space height=&#8221;52px&#8221;][\/vc_column][vc_column width=&#8221;1\/2&#8243;][\/vc_column][\/vc_row][\/vc_section][vc_row][vc_column width=&#8221;1\/2&#8243;][vc_column_text css=&#8221;.vc_custom_1591030127311{padding-top: 30px !important;padding-right: 30px !important;padding-bottom: 10px !important;padding-left: 30px !important;background-color: #b7e3e8 !important;border-radius: 15px !important;}&#8221;]\u00a1Hola chicos y chicas!<\/p>\n<p>Por el cari\u00f1o que le tenemos a Mar\u00eda, la madre de Jes\u00fas y nuestra madre, proponemos un reto: construir entre todos un &#8220;rosario mundial&#8221;. \u00bfC\u00f3mo lo haremos?<\/p>\n<p>Mira este video. Ver\u00e1s que el rosario es una serie de &#8220;avemar\u00edas&#8221; que los cristianos rezamos para expresar nuestro amor a la Virgen. Pero nosotros, lo que podemos sumar son, no solo nuestras avemar\u00edas, sino tambi\u00e9n <strong>nuestros dibujos sobre la vida y las virtudes de Mar\u00eda.<\/strong><\/p>\n<p>&nbsp;[\/vc_column_text][\/vc_column][vc_column width=&#8221;1\/2&#8243;][vc_video link=&#8221;https:\/\/www.youtube.com\/watch?v=Q068_iqB9Oc&#038;feature=youtu.be&#8221; el_width=&#8221;80&#8243; align=&#8221;center&#8221;][\/vc_column][\/vc_row][vc_row][vc_column width=&#8221;1\/3&#8243;][\/vc_column][vc_column width=&#8221;1\/3&#8243;][\/vc_column][vc_column width=&#8221;1\/3&#8243;][\/vc_column][\/vc_row][vc_row][vc_column width=&#8221;1\/2&#8243;][vc_single_image image=&#8221;10701&#8243; img_size=&#8221;full&#8221; alignment=&#8221;center&#8221; onclick=&#8221;link_image&#8221;][\/vc_column][vc_column width=&#8221;1\/2&#8243;][vc_single_image image=&#8221;10702&#8243; img_size=&#8221;full&#8221; alignment=&#8221;center&#8221; onclick=&#8221;link_image&#8221;][\/vc_column][\/vc_row][vc_row css=&#8221;.vc_custom_1591030082012{padding-top: 50px !important;}&#8221;][vc_column][vc_column_text css=&#8221;.vc_custom_1617986744088{padding-top: 100px !important;}&#8221;]<\/p>\n<p style=\"text-align: center;\"><em>Han participado:\u00a0\u00a0<\/em><\/p>\n<p style=\"text-align: center;\"><em>Nilce, Santino, Aiana, Paola\u00a0 y Esperanza de It\u00e1,\u00a0 <\/em><em>Sol y Salom\u00e9 de Niqu\u00eda,\u00a0 <\/em><em>Mariana, Gaby\u00a0 y Sara Sierra de Bogot\u00e1,\u00a0<\/em><em>Ambar Valentina, Jazm\u00edn y Soraya de Fontana,\u00a0<\/em><em>Juan e Isabel de Pamplona.\u00a0<\/em><\/p>\n<p style=\"text-align: center;\"><em>Composici\u00f3n y dise\u00f1o &#8220;Ave Mar\u00eda&#8221;: Gaby Soto fsj<\/em><\/p>\n<p>[\/vc_column_text][\/vc_column][\/vc_row][vc_row][vc_column][\/vc_column][\/vc_row]<\/p>\n","protected":false},"excerpt":{"rendered":"<p>[vc_section][vc_row][vc_column width=&#8221;1\/2&#8243;][vc_custom_heading text=&#8221;Los ni\u00f1os con Mar\u00eda&#8221; font_container=&#8221;tag:h2|text_align:left|color:%23136ebf&#8221; google_fonts=&#8221;font_family:Salsa%3Aregular|font_style:400%20regular%3A400%3Anormal&#8221;][vc_empty_space height=&#8221;52px&#8221;][\/vc_column][vc_column width=&#8221;1\/2&#8243;][\/vc_column][\/vc_row][\/vc_section][vc_row][vc_column width=&#8221;1\/2&#8243;][vc_column_text css=&#8221;.vc_custom_1591030127311{padding-top: 30px !important;padding-right: 30px !important;padding-bottom: 10px !important;padding-left: 30px !important;background-color:&hellip;<\/p>\n","protected":false},"author":1,"featured_media":0,"parent":0,"menu_order":0,"comment_status":"closed","ping_status":"closed","template":"","meta":{"give_campaign_id":0,"_exactmetrics_skip_tracking":false,"_exactmetrics_sitenote_active":false,"_exactmetrics_sitenote_note":"","_exactmetrics_sitenote_category":0,"footnotes":""},"class_list":["post-10385","page","type-page","status-publish","hentry"],"campaignId":"","brizy_media":[],"_links":{"self":[{"href":"https:\/\/hijasdesanjose.org\/en\/wp-json\/wp\/v2\/pages\/10385","targetHints":{"allow":["GET"]}}],"collection":[{"href":"https:\/\/hijasdesanjose.org\/en\/wp-json\/wp\/v2\/pages"}],"about":[{"href":"https:\/\/hijasdesanjose.org\/en\/wp-json\/wp\/v2\/types\/page"}],"author":[{"embeddable":true,"href":"https:\/\/hijasdesanjose.org\/en\/wp-json\/wp\/v2\/users\/1"}],"replies":[{"embeddable":true,"href":"https:\/\/hijasdesanjose.org\/en\/wp-json\/wp\/v2\/comments?post=10385"}],"version-history":[{"count":31,"href":"https:\/\/hijasdesanjose.org\/en\/wp-json\/wp\/v2\/pages\/10385\/revisions"}],"predecessor-version":[{"id":16441,"href":"https:\/\/hijasdesanjose.org\/en\/wp-json\/wp\/v2\/pages\/10385\/revisions\/16441"}],"wp:attachment":[{"href":"https:\/\/hijasdesanjose.org\/en\/wp-json\/wp\/v2\/media?parent=10385"}],"curies":[{"name":"wp","href":"https:\/\/api.w.org\/{rel}","templated":true}]}}

Orar con María para niños

<p>[vc_section][vc_row][vc_column width=&#8221;1/2&#8243;][vc_custom_heading text=&#8221;Los niños con María&#8221; font_container=&#8221;tag:h2|text_align:left|color:%23136ebf&#8221; google_fonts=&#8221;font_family:Salsa%3Aregular|font_style:400%20regular%3A400%3Anormal&#8221;][vc_empty_space height=&#8221;52px&#8221;][/vc_column][vc_column width=&#8221;1/2&#8243;][/vc_column][/vc_row][/vc_section][vc_row][vc_column width=&#8221;1/2&#8243;][vc_column_text css=&#8221;.vc_custom_1591030127311{padding-top: 30px !important;padding-right: 30px !important;padding-bottom: 10px !important;padding-left: 30px !important;background-color: #b7e3e8 !important;border-radius: 15px !important;}&#8221;]¡Hola chicos y chicas!</p>
<p>Por el cariño que le tenemos a María, la madre de Jesús y nuestra madre, proponemos un reto: construir entre todos un &#8220;rosario mundial&#8221;. ¿Cómo lo haremos?</p>
<p>Mira este video. Verás que el rosario es una serie de &#8220;avemarías&#8221; que los cristianos rezamos para expresar nuestro amor a la Virgen. Pero nosotros, lo que podemos sumar son, no solo nuestras avemarías, sino también <strong>nuestros dibujos sobre la vida y las virtudes de María.</strong></p>
<p>&nbsp;[/vc_column_text][/vc_column][vc_column width=&#8221;1/2&#8243;][vc_video link=&#8221;https://www.youtube.com/watch?v=Q068_iqB9Oc&#038;feature=youtu.be&#8221; el_width=&#8221;80&#8243; align=&#8221;center&#8221;][/vc_column][/vc_row][vc_row][vc_column width=&#8221;1/3&#8243;][/vc_column][vc_column width=&#8221;1/3&#8243;][/vc_column][vc_column width=&#8221;1/3&#8243;][/vc_column][/vc_row][vc_row][vc_column width=&#8221;1/2&#8243;][vc_single_image image=&#8221;10701&#8243; img_size=&#8221;full&#8221; alignment=&#8221;center&#8221; onclick=&#8221;link_image&#8221;][/vc_column][vc_column width=&#8221;1/2&#8243;][vc_single_image image=&#8221;10702&#8243; img_size=&#8221;full&#8221; alignment=&#8221;center&#8221; onclick=&#8221;link_image&#8221;][/vc_column][/vc_row][vc_row css=&#8221;.vc_custom_1591030082012{padding-top: 50px !important;}&#8221;][vc_column][vc_column_text css=&#8221;.vc_custom_1617986744088{padding-top: 100px !important;}&#8221;]</p>
<p style="text-align: center;"><em>Han participado:  </em></p>
<p style="text-align: center;"><em>Nilce, Santino, Aiana, Paola  y Esperanza de Itá,  </em><em>Sol y Salomé de Niquía,  </em><em>Mariana, Gaby  y Sara Sierra de Bogotá, </em><em>Ambar Valentina, Jazmín y Soraya de Fontana, </em><em>Juan e Isabel de Pamplona. </em></p>
<p style="text-align: center;"><em>Composición y diseño &#8220;Ave María&#8221;: Gaby Soto fsj</em></p>
<p>[/vc_column_text][/vc_column][/vc_row][vc_row][vc_column][/vc_column][/vc_row]</p>

<p>[vc_section][vc_row][vc_column width=&#8221;1/2&#8243;][vc_custom_heading text=&#8221;Los niños con María&#8221; font_container=&#8221;tag:h2|text_align:left|color:%23136ebf&#8221; google_fonts=&#8221;font_family:Salsa%3Aregular|font_style:400%20regular%3A400%3Anormal&#8221;][vc_empty_space height=&#8221;52px&#8221;][/vc_column][vc_column width=&#8221;1/2&#8243;][/vc_column][/vc_row][/vc_section][vc_row][vc_column width=&#8221;1/2&#8243;][vc_column_text css=&#8221;.vc_custom_1591030127311{padding-top: 30px !important;padding-right: 30px !important;padding-bottom: 10px !important;padding-left: 30px !important;background-color:&hellip;</p>
