{"id":10718,"date":"2020-05-24T12:54:26","date_gmt":"2020-05-24T12:54:26","guid":{"rendered":"https:\/\/hijasdesanjose.org\/?page_id=10718"},"modified":"2021-02-28T18:20:35","modified_gmt":"2021-02-28T18:20:35","slug":"pentecostes-2020","status":"publish","type":"page","link":"https:\/\/hijasdesanjose.org\/en\/pentecostes-2020\/","title":{"rendered":"Pentecost\u00e9s 2020"},"content":{"rendered":"<p>[vc_section][vc_row][vc_column width=&#8221;1\/2&#8243;][vc_single_image image=&#8221;10729&#8243; img_size=&#8221;600 x 390&#8243; alignment=&#8221;center&#8221; onclick=&#8221;custom_link&#8221; img_link_target=&#8221;_blank&#8221; link=&#8221;https:\/\/hijasdesanjose.org\/espiritu-de-comunion\/&#8221;][vc_btn title=&#8221;Entrar&#8221; color=&#8221;violet&#8221; align=&#8221;center&#8221; link=&#8221;url:https%3A%2F%2Fhijasdesanjose.org%2Fespiritu-de-comunion%2F|title:Esp%C3%ADritu%20de%20Comuni%C3%B3n|target:%20_blank|&#8221;][\/vc_column][vc_column width=&#8221;1\/2&#8243;][vc_single_image image=&#8221;10731&#8243; img_size=&#8221;full&#8221; alignment=&#8221;center&#8221; onclick=&#8221;custom_link&#8221; img_link_target=&#8221;_blank&#8221; link=&#8221;https:\/\/hijasdesanjose.org\/vigilia-pentecostes-2020\/&#8221;][vc_btn title=&#8221;Entrar&#8221; color=&#8221;violet&#8221; align=&#8221;center&#8221; link=&#8221;url:https%3A%2F%2Fhijasdesanjose.org%2Fvigilia-pentecostes-2020%2F|title:Esp%C3%ADritu%20de%20Comuni%C3%B3n|target:%20_blank|&#8221;][\/vc_column][\/vc_row][\/vc_section][vc_row][vc_column width=&#8221;1\/2&#8243;][\/vc_column][vc_column width=&#8221;1\/2&#8243;][\/vc_column][\/vc_row][vc_row][vc_column width=&#8221;1\/3&#8243;][vc_column_text]<\/p>\n<h3><a href=\"https:\/\/pastoralsj.org\/creer\/1250-en-el-espiritu\">En el Esp\u00edritu<\/a><\/h3>\n<p>&#8220;El esp\u00edritu resuena en la oraci\u00f3n, en la actividad, al ver un telediario, al dar un abrazo, al leer un libro, en una canci\u00f3n, al mirar un cuadro, dando un paseo, escuchando a alguien que te habla de su vida&#8221;.<\/p>\n<p style=\"text-align: center;\">Jos\u00e9 M\u00aa. Rodr\u00edguez Olaizola<\/p>\n<p>[\/vc_column_text][\/vc_column][vc_column width=&#8221;1\/3&#8243;][vc_column_text]<\/p>\n<h3><a href=\"https:\/\/hijasdesanjose.org\/acoger%20al%20espiritu\">Acoger al Esp\u00edritu<\/a><\/h3>\n<p>&#8220;Centrar nuestra vida en el Esp\u00edritu es saborear la vida de una manera m\u00e1s intensa y m\u00e1s honda&#8221;.<\/p>\n<p style=\"text-align: center;\">Jos\u00e9 A. Pagola<\/p>\n<p>&nbsp;[\/vc_column_text][\/vc_column][vc_column width=&#8221;1\/3&#8243;][vc_column_text]<\/p>\n<h3><a href=\"https:\/\/www.vidanuevadigital.com\/wp-content\/uploads\/2020\/04\/UN-PLAN-PARA-RESUCITAR-PAPA-FRANCISCO-VIDA-NUEVA.pdf\">Un plan para resucitar<\/a><\/h3>\n<p>&#8220;La Pascua nos convoca e invita a hacer memoria de esa otra presencia discreta y respetuosa, generosa y reconciliadora capaz de no romper la ca\u00f1a quebrada ni apagar la mecha que arde d\u00e9bilmente&#8230;&#8221;<\/p>\n<p style=\"text-align: center;\">Papa Francisco<\/p>\n<p>[\/vc_column_text][\/vc_column][\/vc_row][vc_row][vc_column width=&#8221;1\/3&#8243;][vc_video link=&#8221;https:\/\/www.youtube.com\/watch?v=I8pz8frGdL0&#8243;][\/vc_column][vc_column width=&#8221;1\/3&#8243;][vc_video link=&#8221;https:\/\/www.youtube.com\/watch?v=GE90nrpFJcs&#8221;][\/vc_column][vc_column width=&#8221;1\/3&#8243;][vc_video link=&#8221;https:\/\/youtu.be\/pUW4PcDcGL8&#8243;][\/vc_column][\/vc_row]<\/p>\n","protected":false},"excerpt":{"rendered":"<p>[vc_section][vc_row][vc_column width=&#8221;1\/2&#8243;][vc_single_image image=&#8221;10729&#8243; img_size=&#8221;600 x 390&#8243; alignment=&#8221;center&#8221; onclick=&#8221;custom_link&#8221; img_link_target=&#8221;_blank&#8221; link=&#8221;https:\/\/hijasdesanjose.org\/espiritu-de-comunion\/&#8221;][vc_btn title=&#8221;Entrar&#8221; color=&#8221;violet&#8221; align=&#8221;center&#8221; link=&#8221;url:https%3A%2F%2Fhijasdesanjose.org%2Fespiritu-de-comunion%2F|title:Esp%C3%ADritu%20de%20Comuni%C3%B3n|target:%20_blank|&#8221;][\/vc_column][vc_column width=&#8221;1\/2&#8243;][vc_single_image image=&#8221;10731&#8243; img_size=&#8221;full&#8221; alignment=&#8221;center&#8221; onclick=&#8221;custom_link&#8221; img_link_target=&#8221;_blank&#8221;&hellip;<\/p>\n","protected":false},"author":1,"featured_media":0,"parent":0,"menu_order":0,"comment_status":"closed","ping_status":"closed","template":"","meta":{"give_campaign_id":0,"_exactmetrics_skip_tracking":false,"_exactmetrics_sitenote_active":false,"_exactmetrics_sitenote_note":"","_exactmetrics_sitenote_category":0,"footnotes":""},"class_list":["post-10718","page","type-page","status-publish","hentry"],"campaignId":"","brizy_media":[],"_links":{"self":[{"href":"https:\/\/hijasdesanjose.org\/en\/wp-json\/wp\/v2\/pages\/10718","targetHints":{"allow":["GET"]}}],"collection":[{"href":"https:\/\/hijasdesanjose.org\/en\/wp-json\/wp\/v2\/pages"}],"about":[{"href":"https:\/\/hijasdesanjose.org\/en\/wp-json\/wp\/v2\/types\/page"}],"author":[{"embeddable":true,"href":"https:\/\/hijasdesanjose.org\/en\/wp-json\/wp\/v2\/users\/1"}],"replies":[{"embeddable":true,"href":"https:\/\/hijasdesanjose.org\/en\/wp-json\/wp\/v2\/comments?post=10718"}],"version-history":[{"count":14,"href":"https:\/\/hijasdesanjose.org\/en\/wp-json\/wp\/v2\/pages\/10718\/revisions"}],"predecessor-version":[{"id":15581,"href":"https:\/\/hijasdesanjose.org\/en\/wp-json\/wp\/v2\/pages\/10718\/revisions\/15581"}],"wp:attachment":[{"href":"https:\/\/hijasdesanjose.org\/en\/wp-json\/wp\/v2\/media?parent=10718"}],"curies":[{"name":"wp","href":"https:\/\/api.w.org\/{rel}","templated":true}]}}

Pentecostés 2020

<p>[vc_section][vc_row][vc_column width=&#8221;1/2&#8243;][vc_single_image image=&#8221;10729&#8243; img_size=&#8221;600 x 390&#8243; alignment=&#8221;center&#8221; onclick=&#8221;custom_link&#8221; img_link_target=&#8221;_blank&#8221; link=&#8221;https://hijasdesanjose.org/espiritu-de-comunion/&#8221;][vc_btn title=&#8221;Entrar&#8221; color=&#8221;violet&#8221; align=&#8221;center&#8221; link=&#8221;url:https%3A%2F%2Fhijasdesanjose.org%2Fespiritu-de-comunion%2F|title:Esp%C3%ADritu%20de%20Comuni%C3%B3n|target:%20_blank|&#8221;][/vc_column][vc_column width=&#8221;1/2&#8243;][vc_single_image image=&#8221;10731&#8243; img_size=&#8221;full&#8221; alignment=&#8221;center&#8221; onclick=&#8221;custom_link&#8221; img_link_target=&#8221;_blank&#8221; link=&#8221;https://hijasdesanjose.org/vigilia-pentecostes-2020/&#8221;][vc_btn title=&#8221;Entrar&#8221; color=&#8221;violet&#8221; align=&#8221;center&#8221; link=&#8221;url:https%3A%2F%2Fhijasdesanjose.org%2Fvigilia-pentecostes-2020%2F|title:Esp%C3%ADritu%20de%20Comuni%C3%B3n|target:%20_blank|&#8221;][/vc_column][/vc_row][/vc_section][vc_row][vc_column width=&#8221;1/2&#8243;][/vc_column][vc_column width=&#8221;1/2&#8243;][/vc_column][/vc_row][vc_row][vc_column width=&#8221;1/3&#8243;][vc_column_text]</p>
<h3><a href="https://pastoralsj.org/creer/1250-en-el-espiritu">En el Espíritu</a></h3>
<p>&#8220;El espíritu resuena en la oración, en la actividad, al ver un telediario, al dar un abrazo, al leer un libro, en una canción, al mirar un cuadro, dando un paseo, escuchando a alguien que te habla de su vida&#8221;.</p>
<p style="text-align: center;">José Mª. Rodríguez Olaizola</p>
<p>[/vc_column_text][/vc_column][vc_column width=&#8221;1/3&#8243;][vc_column_text]</p>
<h3><a href="https://hijasdesanjose.org/acoger%20al%20espiritu">Acoger al Espíritu</a></h3>
<p>&#8220;Centrar nuestra vida en el Espíritu es saborear la vida de una manera más intensa y más honda&#8221;.</p>
<p style="text-align: center;">José A. Pagola</p>
<p>&nbsp;[/vc_column_text][/vc_column][vc_column width=&#8221;1/3&#8243;][vc_column_text]</p>
<h3><a href="https://www.vidanuevadigital.com/wp-content/uploads/2020/04/UN-PLAN-PARA-RESUCITAR-PAPA-FRANCISCO-VIDA-NUEVA.pdf">Un plan para resucitar</a></h3>
<p>&#8220;La Pascua nos convoca e invita a hacer memoria de esa otra presencia discreta y respetuosa, generosa y reconciliadora capaz de no romper la caña quebrada ni apagar la mecha que arde débilmente&#8230;&#8221;</p>
<p style="text-align: center;">Papa Francisco</p>
<p>[/vc_column_text][/vc_column][/vc_row][vc_row][vc_column width=&#8221;1/3&#8243;][vc_video link=&#8221;https://www.youtube.com/watch?v=I8pz8frGdL0&#8243;][/vc_column][vc_column width=&#8221;1/3&#8243;][vc_video link=&#8221;https://www.youtube.com/watch?v=GE90nrpFJcs&#8221;][/vc_column][vc_column width=&#8221;1/3&#8243;][vc_video link=&#8221;https://youtu.be/pUW4PcDcGL8&#8243;][/vc_column][/vc_row]</p>
