{"id":13291,"date":"2020-11-29T23:04:41","date_gmt":"2020-11-29T23:04:41","guid":{"rendered":"https:\/\/hijasdesanjose.org\/?page_id=13291"},"modified":"2021-04-09T22:11:31","modified_gmt":"2021-04-09T22:11:31","slug":"encuentro-talleres-2020-dia-5","status":"publish","type":"page","link":"https:\/\/hijasdesanjose.org\/en\/encuentro-talleres-2020-dia-5\/","title":{"rendered":"Encuentro Talleres 2020 &#8211; D\u00eda 5"},"content":{"rendered":"<p>[vc_row][vc_column width=&#8221;1\/2&#8243;][vc_single_image image=&#8221;13293&#8243; img_size=&#8221;full&#8221; alignment=&#8221;center&#8221;][\/vc_column][vc_column width=&#8221;1\/2&#8243;][vc_custom_heading text=&#8221;Historias de esperanza&#8221; google_fonts=&#8221;font_family:Salsa%3Aregular|font_style:400%20regular%3A400%3Anormal&#8221; css=&#8221;.vc_custom_1606691322027{padding-bottom: 20px !important;}&#8221;][vc_column_text]Quer\u00e1moslo o no, la espera sigue siendo parte de la vida. Porque somos humanos, y por esto mismo capaces de desear y de imaginar. Una combinaci\u00f3n poderosa, esta de imaginaci\u00f3n y deseo. El deseo nos empuja, nos ilumina, nos hace buscar. Deseamos de muchas maneras, y <strong>nuestro anhelo <\/strong>tiene muchos objetivos, materiales o inmateriales, ef\u00edmeros o duraderos, personales o impersonales&#8230;<\/p>\n<p>Como adem\u00e1s tenemos imaginaci\u00f3n, anticipamos lo que podr\u00eda ocurrir si esos deseos se cumplen. Y si lo vemos posible, aunque sea dif\u00edcil, <strong>la espera se convierte en esperanza<\/strong>. el reverso de esto es el miedo, cuando tememos lo que puede ocurrir; y lejos de desearlo, quisi\u00e9ramos evitarlo.<\/p>\n<p>Aunque nos vayamos desacostumbrando a esperar, por aquello de la inmediatez, la espera nunca desaparecer\u00e1 de nuestras vidas (afortunadamente).<\/p>\n<p>Porque <strong>en nuestro horizonte est\u00e1 el futuro<\/strong>. Y el futuro es el tiempo de las promesas, de las posibilidades, de los deseos que a\u00fan no han tomado cuerpo.<\/p>\n<p>La <strong>Navidad <\/strong>es un tiempo que viene precedido de la espera. el tiempo al que llamamos <strong>Adviento <\/strong>es precisamente eso: tiempo de espera y de preparaci\u00f3n. Y en la medida en que lo que esperamos es algo que deseamos, <strong>es tiempo de esperanza<\/strong>.<\/p>\n<p style=\"text-align: right;\">Jos\u00e9 M\u00aa Rodr\u00edguez Olaizola<\/p>\n<p>[\/vc_column_text][\/vc_column][\/vc_row][vc_row css=&#8221;.vc_custom_1607202044772{background-color: #e1eae1 !important;border-radius: 10px !important;}&#8221;][vc_column][vc_column_text css=&#8221;.vc_custom_1607202018754{padding-top: 20px !important;padding-right: 20px !important;padding-bottom: 20px !important;padding-left: 20px !important;background-color: #ffffff !important;border-radius: 5px !important;}&#8221;]<span style=\"color: #008000;\">A pesar de tantas dificultades que estamos atravesando, quiz\u00e1s est\u00e1s viviendo o siendo testigo de alguna historia de esperanza. Es decir, est\u00e1s viviendo con esperanza, con actitud positiva y confianza alg\u00fan acontecimiento o hecho particular, o lo est\u00e1s viendo en otra persona, en alguien pr\u00f3ximo, que se est\u00e1 convirtiendo para ti en testigo de esperanza.<\/span><\/p>\n<p><span style=\"color: #008000;\">\u00bfQu\u00e9 historia de esperanza podr\u00edas compartir?<\/span><\/p>\n<p><span style=\"color: #008000;\">Durante la tarde, en el grupo de <em>whatsapp\u00a0<\/em> podemos compartir esa historia de esperanza.\u00a0 Podemos escribirla o grabar un audio.\u00a0<\/span><\/p>\n<p><span style=\"color: #008000;\">Acogemos las historias que unos y otros vamos a compartir y dejamos que todo eso nos vaya ayudando a mirar con m\u00e1s esperanza el futuro.\u00a0<\/span>[\/vc_column_text][\/vc_column][\/vc_row][vc_row][vc_column][vc_empty_space height=&#8221;62px&#8221;][\/vc_column][\/vc_row][vc_row css=&#8221;.vc_custom_1607202086228{background-color: #e1eae1 !important;border-radius: 10px !important;}&#8221;][vc_column][vc_single_image image=&#8221;13400&#8243; img_size=&#8221;full&#8221; alignment=&#8221;center&#8221;][vc_column_text]<\/p>\n<p style=\"text-align: center;\">Cuando la noche lo empieza a cubrir todo,<\/p>\n<p style=\"text-align: center;\">cuando el coraz\u00f3n se siente vac\u00edo,<\/p>\n<p style=\"text-align: center;\">cuando las manos no encuentran abrazos,<\/p>\n<p style=\"text-align: center;\">surge en el horizonte la Estrella de la Esperanza,<\/p>\n<p style=\"text-align: center;\">peque\u00f1a al principio, lejana, inalcanzable,<\/p>\n<p style=\"text-align: center;\">pero &#8220;constante y fiel a su cita&#8221;\u00a0 cada ocaso.<\/p>\n<p style=\"text-align: center;\">\u00a1Gracias por esta repetida<\/p>\n<p style=\"text-align: center;\">y ansiada se\u00f1al de ESPERANZA!<\/p>\n<p>[\/vc_column_text][\/vc_column][\/vc_row]<\/p>\n","protected":false},"excerpt":{"rendered":"<p>[vc_row][vc_column width=&#8221;1\/2&#8243;][vc_single_image image=&#8221;13293&#8243; img_size=&#8221;full&#8221; alignment=&#8221;center&#8221;][\/vc_column][vc_column width=&#8221;1\/2&#8243;][vc_custom_heading text=&#8221;Historias de esperanza&#8221; google_fonts=&#8221;font_family:Salsa%3Aregular|font_style:400%20regular%3A400%3Anormal&#8221; css=&#8221;.vc_custom_1606691322027{padding-bottom: 20px !important;}&#8221;][vc_column_text]Quer\u00e1moslo o no, la espera sigue siendo parte&hellip;<\/p>\n","protected":false},"author":1,"featured_media":0,"parent":0,"menu_order":0,"comment_status":"closed","ping_status":"closed","template":"","meta":{"give_campaign_id":0,"_exactmetrics_skip_tracking":false,"_exactmetrics_sitenote_active":false,"_exactmetrics_sitenote_note":"","_exactmetrics_sitenote_category":0,"footnotes":""},"class_list":["post-13291","page","type-page","status-publish","hentry"],"campaignId":"","brizy_media":[],"_links":{"self":[{"href":"https:\/\/hijasdesanjose.org\/en\/wp-json\/wp\/v2\/pages\/13291","targetHints":{"allow":["GET"]}}],"collection":[{"href":"https:\/\/hijasdesanjose.org\/en\/wp-json\/wp\/v2\/pages"}],"about":[{"href":"https:\/\/hijasdesanjose.org\/en\/wp-json\/wp\/v2\/types\/page"}],"author":[{"embeddable":true,"href":"https:\/\/hijasdesanjose.org\/en\/wp-json\/wp\/v2\/users\/1"}],"replies":[{"embeddable":true,"href":"https:\/\/hijasdesanjose.org\/en\/wp-json\/wp\/v2\/comments?post=13291"}],"version-history":[{"count":13,"href":"https:\/\/hijasdesanjose.org\/en\/wp-json\/wp\/v2\/pages\/13291\/revisions"}],"predecessor-version":[{"id":16457,"href":"https:\/\/hijasdesanjose.org\/en\/wp-json\/wp\/v2\/pages\/13291\/revisions\/16457"}],"wp:attachment":[{"href":"https:\/\/hijasdesanjose.org\/en\/wp-json\/wp\/v2\/media?parent=13291"}],"curies":[{"name":"wp","href":"https:\/\/api.w.org\/{rel}","templated":true}]}}

Encuentro Talleres 2020 &#8211; Día 5

<p>[vc_row][vc_column width=&#8221;1/2&#8243;][vc_single_image image=&#8221;13293&#8243; img_size=&#8221;full&#8221; alignment=&#8221;center&#8221;][/vc_column][vc_column width=&#8221;1/2&#8243;][vc_custom_heading text=&#8221;Historias de esperanza&#8221; google_fonts=&#8221;font_family:Salsa%3Aregular|font_style:400%20regular%3A400%3Anormal&#8221; css=&#8221;.vc_custom_1606691322027{padding-bottom: 20px !important;}&#8221;][vc_column_text]Querámoslo o no, la espera sigue siendo parte de la vida. Porque somos humanos, y por esto mismo capaces de desear y de imaginar. Una combinación poderosa, esta de imaginación y deseo. El deseo nos empuja, nos ilumina, nos hace buscar. Deseamos de muchas maneras, y <strong>nuestro anhelo </strong>tiene muchos objetivos, materiales o inmateriales, efímeros o duraderos, personales o impersonales&#8230;</p>
<p>Como además tenemos imaginación, anticipamos lo que podría ocurrir si esos deseos se cumplen. Y si lo vemos posible, aunque sea difícil, <strong>la espera se convierte en esperanza</strong>. el reverso de esto es el miedo, cuando tememos lo que puede ocurrir; y lejos de desearlo, quisiéramos evitarlo.</p>
<p>Aunque nos vayamos desacostumbrando a esperar, por aquello de la inmediatez, la espera nunca desaparecerá de nuestras vidas (afortunadamente).</p>
<p>Porque <strong>en nuestro horizonte está el futuro</strong>. Y el futuro es el tiempo de las promesas, de las posibilidades, de los deseos que aún no han tomado cuerpo.</p>
<p>La <strong>Navidad </strong>es un tiempo que viene precedido de la espera. el tiempo al que llamamos <strong>Adviento </strong>es precisamente eso: tiempo de espera y de preparación. Y en la medida en que lo que esperamos es algo que deseamos, <strong>es tiempo de esperanza</strong>.</p>
<p style="text-align: right;">José Mª Rodríguez Olaizola</p>
<p>[/vc_column_text][/vc_column][/vc_row][vc_row css=&#8221;.vc_custom_1607202044772{background-color: #e1eae1 !important;border-radius: 10px !important;}&#8221;][vc_column][vc_column_text css=&#8221;.vc_custom_1607202018754{padding-top: 20px !important;padding-right: 20px !important;padding-bottom: 20px !important;padding-left: 20px !important;background-color: #ffffff !important;border-radius: 5px !important;}&#8221;]<span style="color: #008000;">A pesar de tantas dificultades que estamos atravesando, quizás estás viviendo o siendo testigo de alguna historia de esperanza. Es decir, estás viviendo con esperanza, con actitud positiva y confianza algún acontecimiento o hecho particular, o lo estás viendo en otra persona, en alguien próximo, que se está convirtiendo para ti en testigo de esperanza.</span></p>
<p><span style="color: #008000;">¿Qué historia de esperanza podrías compartir?</span></p>
<p><span style="color: #008000;">Durante la tarde, en el grupo de <em>whatsapp </em> podemos compartir esa historia de esperanza.  Podemos escribirla o grabar un audio. </span></p>
<p><span style="color: #008000;">Acogemos las historias que unos y otros vamos a compartir y dejamos que todo eso nos vaya ayudando a mirar con más esperanza el futuro. </span>[/vc_column_text][/vc_column][/vc_row][vc_row][vc_column][vc_empty_space height=&#8221;62px&#8221;][/vc_column][/vc_row][vc_row css=&#8221;.vc_custom_1607202086228{background-color: #e1eae1 !important;border-radius: 10px !important;}&#8221;][vc_column][vc_single_image image=&#8221;13400&#8243; img_size=&#8221;full&#8221; alignment=&#8221;center&#8221;][vc_column_text]</p>
<p style="text-align: center;">Cuando la noche lo empieza a cubrir todo,</p>
<p style="text-align: center;">cuando el corazón se siente vacío,</p>
<p style="text-align: center;">cuando las manos no encuentran abrazos,</p>
<p style="text-align: center;">surge en el horizonte la Estrella de la Esperanza,</p>
<p style="text-align: center;">pequeña al principio, lejana, inalcanzable,</p>
<p style="text-align: center;">pero &#8220;constante y fiel a su cita&#8221;  cada ocaso.</p>
<p style="text-align: center;">¡Gracias por esta repetida</p>
<p style="text-align: center;">y ansiada señal de ESPERANZA!</p>
<p>[/vc_column_text][/vc_column][/vc_row]</p>

<p>[vc_row][vc_column width=&#8221;1/2&#8243;][vc_single_image image=&#8221;13293&#8243; img_size=&#8221;full&#8221; alignment=&#8221;center&#8221;][/vc_column][vc_column width=&#8221;1/2&#8243;][vc_custom_heading text=&#8221;Historias de esperanza&#8221; google_fonts=&#8221;font_family:Salsa%3Aregular|font_style:400%20regular%3A400%3Anormal&#8221; css=&#8221;.vc_custom_1606691322027{padding-bottom: 20px !important;}&#8221;][vc_column_text]Querámoslo o no, la espera sigue siendo parte&hellip;</p>
