{"id":15472,"date":"2021-02-28T06:31:58","date_gmt":"2021-02-28T06:31:58","guid":{"rendered":"https:\/\/hijasdesanjose.org\/?page_id=15472"},"modified":"2021-03-23T15:52:09","modified_gmt":"2021-03-23T15:52:09","slug":"textps-sobre-san-jose","status":"publish","type":"page","link":"https:\/\/hijasdesanjose.org\/en\/textps-sobre-san-jose\/","title":{"rendered":"Textos sobre San Jos\u00e9"},"content":{"rendered":"<p>[vc_row full_width=&#8221;stretch_row&#8221; css=&#8221;.vc_custom_1614522077808{margin-bottom: 50px !important;padding-top: 100px !important;padding-bottom: 100px !important;background-image: url(https:\/\/hijasdesanjose.org\/wp-content\/uploads\/2021\/02\/book-3480216_1920.jpg?id=15395) !important;background-position: center !important;background-repeat: no-repeat !important;background-size: cover !important;}&#8221;][vc_column width=&#8221;1\/2&#8243;][\/vc_column][vc_column width=&#8221;1\/2&#8243;][vc_custom_heading text=&#8221;Textos sobre San Jos\u00e9&#8221; font_container=&#8221;tag:h1|font_size:44|text_align:center|color:%23ffffff|line_height:1&#8243; use_theme_fonts=&#8221;yes&#8221; css=&#8221;.vc_custom_1614543693018{border-top-width: 3px !important;border-right-width: 3px !important;border-bottom-width: 3px !important;border-left-width: 3px !important;padding-top: 30px !important;padding-right: 30px !important;padding-bottom: 30px !important;padding-left: 30px !important;background-color: rgba(68,68,68,0.57) !important;*background-color: rgb(68,68,68) !important;border-left-color: #ffffff !important;border-left-style: solid !important;border-right-color: #ffffff !important;border-right-style: solid !important;border-top-color: #ffffff !important;border-top-style: solid !important;border-bottom-color: #ffffff !important;border-bottom-style: solid !important;border-radius: 10px !important;}&#8221;][\/vc_column][\/vc_row][vc_row css=&#8221;.vc_custom_1453378670285{padding-bottom: 50px !important;}&#8221;][vc_column width=&#8221;1\/3&#8243; css=&#8221;.vc_custom_1614522869574{border-top-width: 5px !important;border-right-width: 5px !important;border-bottom-width: 5px !important;border-left-width: 5px !important;border-left-color: #89250c !important;border-left-style: solid !important;border-right-color: #89250c !important;border-right-style: solid !important;border-top-color: #89250c !important;border-top-style: solid !important;border-bottom-color: #89250c !important;border-bottom-style: solid !important;border-radius: 10px !important;}&#8221;][vc_single_image image=&#8221;15591&#8243; img_size=&#8221;1000 x 900&#8243; alignment=&#8221;center&#8221; onclick=&#8221;custom_link&#8221; css=&#8221;.vc_custom_1616514698237{margin-top: 0px !important;margin-right: -75px !important;padding-left: 50px !important;}&#8221;][\/vc_column][vc_column width=&#8221;1\/3&#8243;][\/vc_column][vc_column width=&#8221;1\/3&#8243;][vc_custom_heading text=&#8221;La anunciaci\u00f3n a San Jos\u00e9&#8221; font_container=&#8221;tag:h2|font_size:40|text_align:left|line_height:1&#8243; use_theme_fonts=&#8221;yes&#8221;][vc_custom_heading text=&#8221;Jos\u00e9 Alonso, s.j.&#8221; font_container=&#8221;tag:h4|font_size:20|text_align:left|color:%231e73be|line_height:1&#8243; use_theme_fonts=&#8221;yes&#8221;][vc_column_text]San Jos\u00e9 est\u00e1 absorbido por el sentimiento dominante que \u00e9l nada tiene que hacer dentro de ese misterio divino que le ha sido revelado, y piensa en retirarse. Es cuando tiene lugar la anunciaci\u00f3n del \u00c1ngel a San Jos\u00e9, anunciaci\u00f3n que le comunica de parte de Dios que \u00e9l tiene tambi\u00e9n su puesto, como Mar\u00eda, en el Misterio salv\u00edfico: hacer de Padre de Jes\u00fas. Es la vocaci\u00f3n de San Jos\u00e9, como la vocaci\u00f3n de los hombres de Dios.[\/vc_column_text][vc_btn title=&#8221;Leer art\u00edculo completo&#8221; align=&#8221;center&#8221; i_icon_fontawesome=&#8221;fas fa-glasses&#8221; add_icon=&#8221;true&#8221; link=&#8221;url:https%3A%2F%2Fhijasdesanjose.org%2Fwp-content%2Fuploads%2F2021%2F02%2FLa-Anunciacion-a-San-Jose.pdf|title:La%20anunciaci%C3%B3n%20a%20San%20Jos%C3%A9|target:_blank&#8221;][\/vc_column][\/vc_row][vc_row css=&#8221;.vc_custom_1453378670285{padding-bottom: 50px !important;}&#8221;][vc_column width=&#8221;1\/3&#8243; css=&#8221;.vc_custom_1614522869574{border-top-width: 5px !important;border-right-width: 5px !important;border-bottom-width: 5px !important;border-left-width: 5px !important;border-left-color: #89250c !important;border-left-style: solid !important;border-right-color: #89250c !important;border-right-style: solid !important;border-top-color: #89250c !important;border-top-style: solid !important;border-bottom-color: #89250c !important;border-bottom-style: solid !important;border-radius: 10px !important;}&#8221;][vc_single_image image=&#8221;15982&#8243; img_size=&#8221;1000 x 900&#8243; alignment=&#8221;center&#8221; onclick=&#8221;custom_link&#8221; css=&#8221;.vc_custom_1616514712467{margin-top: 0px !important;margin-right: -75px !important;padding-left: 50px !important;}&#8221;][\/vc_column][vc_column width=&#8221;1\/3&#8243;][\/vc_column][vc_column width=&#8221;1\/3&#8243;][vc_custom_heading text=&#8221;El Padre celeste en el padre terreno&#8221; font_container=&#8221;tag:h2|font_size:40|text_align:left|line_height:1&#8243; use_theme_fonts=&#8221;yes&#8221;][vc_custom_heading text=&#8221;Leonardo Boff&#8221; font_container=&#8221;tag:h4|font_size:20|text_align:left|color:%231e73be|line_height:1&#8243; use_theme_fonts=&#8221;yes&#8221;][vc_column_text]El Padre es silencio abismal. Jos\u00e9 es el prototipo del silencio. No nos dej\u00f3 ninguna palabra, s\u00f3lo sue\u00f1os. Su hablar no es por medio de palabras, sino por actitudes, gestos, compromisos de padre y de esposo. Da forma al silencio del Padre.[\/vc_column_text][vc_btn title=&#8221;Leer art\u00edculo completo&#8221; align=&#8221;center&#8221; i_icon_fontawesome=&#8221;fas fa-glasses&#8221; add_icon=&#8221;true&#8221; link=&#8221;url:https%3A%2F%2Fhijasdesanjose.org%2Fwp-content%2Fuploads%2F2021%2F03%2FEL-PADRE-CELESTE-EN-EL-PADRE-TERRENO.pdf|title:El%20Padre%20celeste%20en%20el%20padre%20terreno|target:_blank&#8221;][\/vc_column][\/vc_row][vc_row css=&#8221;.vc_custom_1453378670285{padding-bottom: 50px !important;}&#8221;][vc_column width=&#8221;1\/3&#8243; css=&#8221;.vc_custom_1614522869574{border-top-width: 5px !important;border-right-width: 5px !important;border-bottom-width: 5px !important;border-left-width: 5px !important;border-left-color: #89250c !important;border-left-style: solid !important;border-right-color: #89250c !important;border-right-style: solid !important;border-top-color: #89250c !important;border-top-style: solid !important;border-bottom-color: #89250c !important;border-bottom-style: solid !important;border-radius: 10px !important;}&#8221;][vc_single_image image=&#8221;16062&#8243; img_size=&#8221;900 x 1400&#8243; alignment=&#8221;center&#8221; onclick=&#8221;custom_link&#8221; css=&#8221;.vc_custom_1616514723917{margin-top: 0px !important;margin-right: -75px !important;padding-left: 50px !important;}&#8221;][\/vc_column][vc_column width=&#8221;1\/3&#8243;][\/vc_column][vc_column width=&#8221;1\/3&#8243;][vc_custom_heading text=&#8221;A\u00f1o josefino&#8221; font_container=&#8221;tag:h2|font_size:40|text_align:left|line_height:1&#8243; use_theme_fonts=&#8221;yes&#8221;][vc_custom_heading text=&#8221;1911&#8243; font_container=&#8221;tag:h4|font_size:20|text_align:left|color:%231e73be|line_height:1&#8243; use_theme_fonts=&#8221;yes&#8221;][vc_column_text]Una compilaci\u00f3n de textos sobre San Jos\u00e9, que cita al P. Buti\u00f1\u00e1 y recoge algunas de sus reflexiones.[\/vc_column_text][vc_btn title=&#8221;Leer m\u00e1s&#8221; align=&#8221;center&#8221; i_icon_fontawesome=&#8221;fas fa-glasses&#8221; add_icon=&#8221;true&#8221; link=&#8221;url:https%3A%2F%2Fhijasdesanjose.org%2Fano-josefino-1911%2F|title:A%C3%B1o%20josefino%2C%201911|target:_blank&#8221;][\/vc_column][\/vc_row]<\/p>\n","protected":false},"excerpt":{"rendered":"<p>[vc_row full_width=&#8221;stretch_row&#8221; css=&#8221;.vc_custom_1614522077808{margin-bottom: 50px !important;padding-top: 100px !important;padding-bottom: 100px !important;background-image: url(https:\/\/hijasdesanjose.org\/wp-content\/uploads\/2021\/02\/book-3480216_1920.jpg?id=15395) !important;background-position: center !important;background-repeat: no-repeat !important;background-size: cover !important;}&#8221;][vc_column width=&#8221;1\/2&#8243;][\/vc_column][vc_column width=&#8221;1\/2&#8243;][vc_custom_heading text=&#8221;Textos&hellip;<\/p>\n","protected":false},"author":1,"featured_media":0,"parent":0,"menu_order":0,"comment_status":"closed","ping_status":"closed","template":"","meta":{"give_campaign_id":0,"_exactmetrics_skip_tracking":false,"_exactmetrics_sitenote_active":false,"_exactmetrics_sitenote_note":"","_exactmetrics_sitenote_category":0,"footnotes":""},"class_list":["post-15472","page","type-page","status-publish","hentry"],"campaignId":"","brizy_media":[],"_links":{"self":[{"href":"https:\/\/hijasdesanjose.org\/en\/wp-json\/wp\/v2\/pages\/15472","targetHints":{"allow":["GET"]}}],"collection":[{"href":"https:\/\/hijasdesanjose.org\/en\/wp-json\/wp\/v2\/pages"}],"about":[{"href":"https:\/\/hijasdesanjose.org\/en\/wp-json\/wp\/v2\/types\/page"}],"author":[{"embeddable":true,"href":"https:\/\/hijasdesanjose.org\/en\/wp-json\/wp\/v2\/users\/1"}],"replies":[{"embeddable":true,"href":"https:\/\/hijasdesanjose.org\/en\/wp-json\/wp\/v2\/comments?post=15472"}],"version-history":[{"count":28,"href":"https:\/\/hijasdesanjose.org\/en\/wp-json\/wp\/v2\/pages\/15472\/revisions"}],"predecessor-version":[{"id":16067,"href":"https:\/\/hijasdesanjose.org\/en\/wp-json\/wp\/v2\/pages\/15472\/revisions\/16067"}],"wp:attachment":[{"href":"https:\/\/hijasdesanjose.org\/en\/wp-json\/wp\/v2\/media?parent=15472"}],"curies":[{"name":"wp","href":"https:\/\/api.w.org\/{rel}","templated":true}]}}

Textos sobre San José

<p>[vc_row full_width=&#8221;stretch_row&#8221; css=&#8221;.vc_custom_1614522077808{margin-bottom: 50px !important;padding-top: 100px !important;padding-bottom: 100px !important;background-image: url(https://hijasdesanjose.org/wp-content/uploads/2021/02/book-3480216_1920.jpg?id=15395) !important;background-position: center !important;background-repeat: no-repeat !important;background-size: cover !important;}&#8221;][vc_column width=&#8221;1/2&#8243;][/vc_column][vc_column width=&#8221;1/2&#8243;][vc_custom_heading text=&#8221;Textos sobre San José&#8221; font_container=&#8221;tag:h1|font_size:44|text_align:center|color:%23ffffff|line_height:1&#8243; use_theme_fonts=&#8221;yes&#8221; css=&#8221;.vc_custom_1614543693018{border-top-width: 3px !important;border-right-width: 3px !important;border-bottom-width: 3px !important;border-left-width: 3px !important;padding-top: 30px !important;padding-right: 30px !important;padding-bottom: 30px !important;padding-left: 30px !important;background-color: rgba(68,68,68,0.57) !important;*background-color: rgb(68,68,68) !important;border-left-color: #ffffff !important;border-left-style: solid !important;border-right-color: #ffffff !important;border-right-style: solid !important;border-top-color: #ffffff !important;border-top-style: solid !important;border-bottom-color: #ffffff !important;border-bottom-style: solid !important;border-radius: 10px !important;}&#8221;][/vc_column][/vc_row][vc_row css=&#8221;.vc_custom_1453378670285{padding-bottom: 50px !important;}&#8221;][vc_column width=&#8221;1/3&#8243; css=&#8221;.vc_custom_1614522869574{border-top-width: 5px !important;border-right-width: 5px !important;border-bottom-width: 5px !important;border-left-width: 5px !important;border-left-color: #89250c !important;border-left-style: solid !important;border-right-color: #89250c !important;border-right-style: solid !important;border-top-color: #89250c !important;border-top-style: solid !important;border-bottom-color: #89250c !important;border-bottom-style: solid !important;border-radius: 10px !important;}&#8221;][vc_single_image image=&#8221;15591&#8243; img_size=&#8221;1000 x 900&#8243; alignment=&#8221;center&#8221; onclick=&#8221;custom_link&#8221; css=&#8221;.vc_custom_1616514698237{margin-top: 0px !important;margin-right: -75px !important;padding-left: 50px !important;}&#8221;][/vc_column][vc_column width=&#8221;1/3&#8243;][/vc_column][vc_column width=&#8221;1/3&#8243;][vc_custom_heading text=&#8221;La anunciación a San José&#8221; font_container=&#8221;tag:h2|font_size:40|text_align:left|line_height:1&#8243; use_theme_fonts=&#8221;yes&#8221;][vc_custom_heading text=&#8221;José Alonso, s.j.&#8221; font_container=&#8221;tag:h4|font_size:20|text_align:left|color:%231e73be|line_height:1&#8243; use_theme_fonts=&#8221;yes&#8221;][vc_column_text]San José está absorbido por el sentimiento dominante que él nada tiene que hacer dentro de ese misterio divino que le ha sido revelado, y piensa en retirarse. Es cuando tiene lugar la anunciación del Ángel a San José, anunciación que le comunica de parte de Dios que él tiene también su puesto, como María, en el Misterio salvífico: hacer de Padre de Jesús. Es la vocación de San José, como la vocación de los hombres de Dios.[/vc_column_text][vc_btn title=&#8221;Leer artículo completo&#8221; align=&#8221;center&#8221; i_icon_fontawesome=&#8221;fas fa-glasses&#8221; add_icon=&#8221;true&#8221; link=&#8221;url:https%3A%2F%2Fhijasdesanjose.org%2Fwp-content%2Fuploads%2F2021%2F02%2FLa-Anunciacion-a-San-Jose.pdf|title:La%20anunciaci%C3%B3n%20a%20San%20Jos%C3%A9|target:_blank&#8221;][/vc_column][/vc_row][vc_row css=&#8221;.vc_custom_1453378670285{padding-bottom: 50px !important;}&#8221;][vc_column width=&#8221;1/3&#8243; css=&#8221;.vc_custom_1614522869574{border-top-width: 5px !important;border-right-width: 5px !important;border-bottom-width: 5px !important;border-left-width: 5px !important;border-left-color: #89250c !important;border-left-style: solid !important;border-right-color: #89250c !important;border-right-style: solid !important;border-top-color: #89250c !important;border-top-style: solid !important;border-bottom-color: #89250c !important;border-bottom-style: solid !important;border-radius: 10px !important;}&#8221;][vc_single_image image=&#8221;15982&#8243; img_size=&#8221;1000 x 900&#8243; alignment=&#8221;center&#8221; onclick=&#8221;custom_link&#8221; css=&#8221;.vc_custom_1616514712467{margin-top: 0px !important;margin-right: -75px !important;padding-left: 50px !important;}&#8221;][/vc_column][vc_column width=&#8221;1/3&#8243;][/vc_column][vc_column width=&#8221;1/3&#8243;][vc_custom_heading text=&#8221;El Padre celeste en el padre terreno&#8221; font_container=&#8221;tag:h2|font_size:40|text_align:left|line_height:1&#8243; use_theme_fonts=&#8221;yes&#8221;][vc_custom_heading text=&#8221;Leonardo Boff&#8221; font_container=&#8221;tag:h4|font_size:20|text_align:left|color:%231e73be|line_height:1&#8243; use_theme_fonts=&#8221;yes&#8221;][vc_column_text]El Padre es silencio abismal. José es el prototipo del silencio. No nos dejó ninguna palabra, sólo sueños. Su hablar no es por medio de palabras, sino por actitudes, gestos, compromisos de padre y de esposo. Da forma al silencio del Padre.[/vc_column_text][vc_btn title=&#8221;Leer artículo completo&#8221; align=&#8221;center&#8221; i_icon_fontawesome=&#8221;fas fa-glasses&#8221; add_icon=&#8221;true&#8221; link=&#8221;url:https%3A%2F%2Fhijasdesanjose.org%2Fwp-content%2Fuploads%2F2021%2F03%2FEL-PADRE-CELESTE-EN-EL-PADRE-TERRENO.pdf|title:El%20Padre%20celeste%20en%20el%20padre%20terreno|target:_blank&#8221;][/vc_column][/vc_row][vc_row css=&#8221;.vc_custom_1453378670285{padding-bottom: 50px !important;}&#8221;][vc_column width=&#8221;1/3&#8243; css=&#8221;.vc_custom_1614522869574{border-top-width: 5px !important;border-right-width: 5px !important;border-bottom-width: 5px !important;border-left-width: 5px !important;border-left-color: #89250c !important;border-left-style: solid !important;border-right-color: #89250c !important;border-right-style: solid !important;border-top-color: #89250c !important;border-top-style: solid !important;border-bottom-color: #89250c !important;border-bottom-style: solid !important;border-radius: 10px !important;}&#8221;][vc_single_image image=&#8221;16062&#8243; img_size=&#8221;900 x 1400&#8243; alignment=&#8221;center&#8221; onclick=&#8221;custom_link&#8221; css=&#8221;.vc_custom_1616514723917{margin-top: 0px !important;margin-right: -75px !important;padding-left: 50px !important;}&#8221;][/vc_column][vc_column width=&#8221;1/3&#8243;][/vc_column][vc_column width=&#8221;1/3&#8243;][vc_custom_heading text=&#8221;Año josefino&#8221; font_container=&#8221;tag:h2|font_size:40|text_align:left|line_height:1&#8243; use_theme_fonts=&#8221;yes&#8221;][vc_custom_heading text=&#8221;1911&#8243; font_container=&#8221;tag:h4|font_size:20|text_align:left|color:%231e73be|line_height:1&#8243; use_theme_fonts=&#8221;yes&#8221;][vc_column_text]Una compilación de textos sobre San José, que cita al P. Butiñá y recoge algunas de sus reflexiones.[/vc_column_text][vc_btn title=&#8221;Leer más&#8221; align=&#8221;center&#8221; i_icon_fontawesome=&#8221;fas fa-glasses&#8221; add_icon=&#8221;true&#8221; link=&#8221;url:https%3A%2F%2Fhijasdesanjose.org%2Fano-josefino-1911%2F|title:A%C3%B1o%20josefino%2C%201911|target:_blank&#8221;][/vc_column][/vc_row]</p>
