{"id":17874,"date":"2021-07-09T17:00:27","date_gmt":"2021-07-09T17:00:27","guid":{"rendered":"https:\/\/hijasdesanjose.org\/?page_id=17874"},"modified":"2021-08-02T09:35:04","modified_gmt":"2021-08-02T09:35:04","slug":"ejercicios-espirituales-2021","status":"publish","type":"page","link":"https:\/\/hijasdesanjose.org\/en\/ejercicios-espirituales-2021\/","title":{"rendered":"Ejercicios Espirituales 2021"},"content":{"rendered":"<p>[vc_row][vc_column width=&#8221;1\/2&#8243;][vc_single_image image=&#8221;17876&#8243; img_size=&#8221;full&#8221;][\/vc_column][vc_column width=&#8221;1\/2&#8243;][vc_separator color=&#8221;blue&#8221; border_width=&#8221;3&#8243; el_width=&#8221;80&#8243; css=&#8221;.vc_custom_1476096630263{margin-left: -100px !important;padding-top: 300px !important;}&#8221;][vc_custom_heading text=&#8221;\u00abApenas escuch\u00e9 la VOZ de tu saludo, el ni\u00f1o salt\u00f3 de alegr\u00eda en mi seno\u00bb. (Lc 1, 41)&#8221; font_container=&#8221;tag:h3|font_size:30|text_align:right|color:%231e73be&#8221; use_theme_fonts=&#8221;yes&#8221; css=&#8221;.vc_custom_1625851498386{padding-bottom: 10px !important;}&#8221;][\/vc_column][\/vc_row][vc_row][vc_column width=&#8221;1\/2&#8243;][vc_custom_heading text=&#8221;Ejercicios Espirituales 2021&#8243; font_container=&#8221;tag:h1|font_size:40|text_align:right&#8221; use_theme_fonts=&#8221;yes&#8221; css=&#8221;.vc_custom_1625851608592{padding-bottom: 10px !important;}&#8221;][vc_video link=&#8221;https:\/\/www.youtube.com\/watch?v=ZlytrrXzRzA&#8221;][\/vc_column][vc_column width=&#8221;1\/2&#8243;][vc_column_text]Entre todas las voces que nos llegan a diario, se trata de distinguir una: la VOZ que se dirige a nosotros de forma personal y que despierta en nuestras entra\u00f1as algo nuevo y verdadero. De nuestra parte, ponemos la generosidad, la ilusi\u00f3n y, sobre todo, el TIEMPO, para dejarnos alcanzar por Dios.<\/p>\n<p>Adem\u00e1s, este a\u00f1o, tenemos una \u201craz\u00f3n\u201d a\u00f1adida, y es que la Compa\u00f1\u00eda de Jes\u00fas celebra, en este a\u00f1o, el 500 aniversario de la herida de Ignacio de Loyola en el frente de Pamplona, circunstancia que estuvo en el origen de su conversi\u00f3n.<\/p>\n<p>La gravedad de la herida coloc\u00f3 a I\u00f1igo en una larga convalecencia en la que, por casualidad o Providencia, cuando quiso entretenerse con algo de lectura, en la casa Loyola solo dispon\u00edan de una Vida de Cristo y de Vidas de santos.<\/p>\n<p>As\u00ed comenz\u00f3 todo\u2026 Por una herida y gracias a estas lecturas, este soldado se convirti\u00f3 en un hombre de Dios, un \u201cloco por Cristo\u201d y su Reino.<\/p>\n<p>Nosotros debemos al P. Buti\u00f1\u00e1 esta conexi\u00f3n con la espiritualidad ignaciana. \u00c9l la vivi\u00f3 hondamente, la comparti\u00f3 en sus ministerios apost\u00f3licos, la transmiti\u00f3 en el Taller de los inicios.<\/p>\n<p>Esperamos que para todos sea, de nuevo, una ocasi\u00f3n de comuni\u00f3n en la fe y de recuperar lo mejor de nosotros mismos ante Dios.<\/p>\n<p>&nbsp;<\/p>\n<p style=\"text-align: center;\"><em>Equipo de Pastoral FSJ<\/em><\/p>\n<p>[\/vc_column_text][\/vc_column][\/vc_row][vc_row][vc_column][vc_basic_grid post_type=&#8221;portfolio&#8221; max_items=&#8221;8&#8243; element_width=&#8221;6&#8243; gap=&#8221;20&#8243; order=&#8221;ASC&#8221; item=&#8221;basicGrid_SlideFromTop&#8221; grid_id=&#8221;vc_gid:1627896683557-621ea8ddbc41cb6ac696d1aff6f7c567-1&#8243; taxonomies=&#8221;201&#8243;][\/vc_column][\/vc_row][vc_row][vc_column width=&#8221;1\/5&#8243;][\/vc_column][vc_column width=&#8221;3\/5&#8243;][vc_btn title=&#8221;CUADERNO DE EJERCICIOS ESPIRITUALES&#8221; color=&#8221;warning&#8221; size=&#8221;lg&#8221; align=&#8221;center&#8221; i_icon_fontawesome=&#8221;fas fa-edit&#8221; add_icon=&#8221;true&#8221; link=&#8221;url:https%3A%2F%2Fhijasdesanjose.org%2Fcuaderno-de-ejercicios-2021%2F|title:Cuaderno%20de%20Ejercicios%202021|target:_blank&#8221;][\/vc_column][vc_column width=&#8221;1\/5&#8243;][\/vc_column][\/vc_row]<\/p>\n","protected":false},"excerpt":{"rendered":"<p>[vc_row][vc_column width=&#8221;1\/2&#8243;][vc_single_image image=&#8221;17876&#8243; img_size=&#8221;full&#8221;][\/vc_column][vc_column width=&#8221;1\/2&#8243;][vc_separator color=&#8221;blue&#8221; border_width=&#8221;3&#8243; el_width=&#8221;80&#8243; css=&#8221;.vc_custom_1476096630263{margin-left: -100px !important;padding-top: 300px !important;}&#8221;][vc_custom_heading text=&#8221;\u00abApenas escuch\u00e9 la VOZ de tu saludo,&hellip;<\/p>\n","protected":false},"author":1,"featured_media":0,"parent":0,"menu_order":0,"comment_status":"closed","ping_status":"closed","template":"","meta":{"give_campaign_id":0,"_exactmetrics_skip_tracking":false,"_exactmetrics_sitenote_active":false,"_exactmetrics_sitenote_note":"","_exactmetrics_sitenote_category":0,"footnotes":""},"class_list":["post-17874","page","type-page","status-publish","hentry"],"campaignId":"","brizy_media":[],"_links":{"self":[{"href":"https:\/\/hijasdesanjose.org\/en\/wp-json\/wp\/v2\/pages\/17874","targetHints":{"allow":["GET"]}}],"collection":[{"href":"https:\/\/hijasdesanjose.org\/en\/wp-json\/wp\/v2\/pages"}],"about":[{"href":"https:\/\/hijasdesanjose.org\/en\/wp-json\/wp\/v2\/types\/page"}],"author":[{"embeddable":true,"href":"https:\/\/hijasdesanjose.org\/en\/wp-json\/wp\/v2\/users\/1"}],"replies":[{"embeddable":true,"href":"https:\/\/hijasdesanjose.org\/en\/wp-json\/wp\/v2\/comments?post=17874"}],"version-history":[{"count":7,"href":"https:\/\/hijasdesanjose.org\/en\/wp-json\/wp\/v2\/pages\/17874\/revisions"}],"predecessor-version":[{"id":18288,"href":"https:\/\/hijasdesanjose.org\/en\/wp-json\/wp\/v2\/pages\/17874\/revisions\/18288"}],"wp:attachment":[{"href":"https:\/\/hijasdesanjose.org\/en\/wp-json\/wp\/v2\/media?parent=17874"}],"curies":[{"name":"wp","href":"https:\/\/api.w.org\/{rel}","templated":true}]}}

<p>[vc_row][vc_column width=&#8221;1/2&#8243;][vc_single_image image=&#8221;17876&#8243; img_size=&#8221;full&#8221;][/vc_column][vc_column width=&#8221;1/2&#8243;][vc_separator color=&#8221;blue&#8221; border_width=&#8221;3&#8243; el_width=&#8221;80&#8243; css=&#8221;.vc_custom_1476096630263{margin-left: -100px !important;padding-top: 300px !important;}&#8221;][vc_custom_heading text=&#8221;«Apenas escuché la VOZ de tu saludo, el niño saltó de alegría en mi seno». (Lc 1, 41)&#8221; font_container=&#8221;tag:h3|font_size:30|text_align:right|color:%231e73be&#8221; use_theme_fonts=&#8221;yes&#8221; css=&#8221;.vc_custom_1625851498386{padding-bottom: 10px !important;}&#8221;][/vc_column][/vc_row][vc_row][vc_column width=&#8221;1/2&#8243;][vc_custom_heading text=&#8221;Ejercicios Espirituales 2021&#8243; font_container=&#8221;tag:h1|font_size:40|text_align:right&#8221; use_theme_fonts=&#8221;yes&#8221; css=&#8221;.vc_custom_1625851608592{padding-bottom: 10px !important;}&#8221;][vc_video link=&#8221;https://www.youtube.com/watch?v=ZlytrrXzRzA&#8221;][/vc_column][vc_column width=&#8221;1/2&#8243;][vc_column_text]Entre todas las voces que nos llegan a diario, se trata de distinguir una: la VOZ que se dirige a nosotros de forma personal y que despierta en nuestras entrañas algo nuevo y verdadero. De nuestra parte, ponemos la generosidad, la ilusión y, sobre todo, el TIEMPO, para dejarnos alcanzar por Dios.</p>
<p>Además, este año, tenemos una “razón” añadida, y es que la Compañía de Jesús celebra, en este año, el 500 aniversario de la herida de Ignacio de Loyola en el frente de Pamplona, circunstancia que estuvo en el origen de su conversión.</p>
<p>La gravedad de la herida colocó a Iñigo en una larga convalecencia en la que, por casualidad o Providencia, cuando quiso entretenerse con algo de lectura, en la casa Loyola solo disponían de una Vida de Cristo y de Vidas de santos.</p>
<p>Así comenzó todo… Por una herida y gracias a estas lecturas, este soldado se convirtió en un hombre de Dios, un “loco por Cristo” y su Reino.</p>
<p>Nosotros debemos al P. Butiñá esta conexión con la espiritualidad ignaciana. Él la vivió hondamente, la compartió en sus ministerios apostólicos, la transmitió en el Taller de los inicios.</p>
<p>Esperamos que para todos sea, de nuevo, una ocasión de comunión en la fe y de recuperar lo mejor de nosotros mismos ante Dios.</p>
<p>&nbsp;</p>
<p style="text-align: center;"><em>Equipo de Pastoral FSJ</em></p>
<p>[/vc_column_text][/vc_column][/vc_row][vc_row][vc_column][vc_basic_grid post_type=&#8221;portfolio&#8221; max_items=&#8221;8&#8243; element_width=&#8221;6&#8243; gap=&#8221;20&#8243; order=&#8221;ASC&#8221; item=&#8221;basicGrid_SlideFromTop&#8221; grid_id=&#8221;vc_gid:1627896683557-621ea8ddbc41cb6ac696d1aff6f7c567-1&#8243; taxonomies=&#8221;201&#8243;][/vc_column][/vc_row][vc_row][vc_column width=&#8221;1/5&#8243;][/vc_column][vc_column width=&#8221;3/5&#8243;][vc_btn title=&#8221;CUADERNO DE EJERCICIOS ESPIRITUALES&#8221; color=&#8221;warning&#8221; size=&#8221;lg&#8221; align=&#8221;center&#8221; i_icon_fontawesome=&#8221;fas fa-edit&#8221; add_icon=&#8221;true&#8221; link=&#8221;url:https%3A%2F%2Fhijasdesanjose.org%2Fcuaderno-de-ejercicios-2021%2F|title:Cuaderno%20de%20Ejercicios%202021|target:_blank&#8221;][/vc_column][vc_column width=&#8221;1/5&#8243;][/vc_column][/vc_row]</p>

<p>[vc_row][vc_column width=&#8221;1/2&#8243;][vc_single_image image=&#8221;17876&#8243; img_size=&#8221;full&#8221;][/vc_column][vc_column width=&#8221;1/2&#8243;][vc_separator color=&#8221;blue&#8221; border_width=&#8221;3&#8243; el_width=&#8221;80&#8243; css=&#8221;.vc_custom_1476096630263{margin-left: -100px !important;padding-top: 300px !important;}&#8221;][vc_custom_heading text=&#8221;«Apenas escuché la VOZ de tu saludo,&hellip;</p>
