{"id":5516,"date":"2019-03-27T11:49:18","date_gmt":"2019-03-27T11:49:18","guid":{"rendered":"https:\/\/hijasdesanjose.org\/?page_id=5516"},"modified":"2021-12-07T10:56:22","modified_gmt":"2021-12-07T10:56:22","slug":"recursos-para-los-talleres-de-nazaret","status":"publish","type":"page","link":"https:\/\/hijasdesanjose.org\/en\/recursos-para-los-talleres-de-nazaret\/","title":{"rendered":"Recursos para los Talleres de Nazaret"},"content":{"rendered":"<p>[vc_section][vc_row][vc_column width=&#8221;1\/2&#8243;][vc_column_text]<\/p>\n<h2>Formaci\u00f3n<\/h2>\n<p><span style=\"color: #000000;\">Necesitamos conocer y profundizar nuestra vocaci\u00f3n humana y cristiana, manteni\u00e9ndonos constantemente en crecimiento, desde nuestro compromiso en el Taller.\u00a0<\/span><\/p>\n<p><span style=\"color: #000000;\">La formaci\u00f3n la entendemos como un proceso para el crecimiento arm\u00f3nico de la persona en todas las dimensiones.\u00a0<\/span><\/p>\n<p><span style=\"color: #000000;\">En los Talleres de Nazaret buscamos el modo de avanzar en las dimensiones siguientes:\u00a0<\/span><\/p>\n<ul>\n<li><span style=\"color: #000000;\">Formaci\u00f3n humana, que nos ayude a conocer y a desarrollar nuestras posibilidades.\u00a0<\/span><\/li>\n<li><span style=\"color: #000000;\">Formaci\u00f3n cristiana para actualizar y crecer en nuestra vocaci\u00f3n de bautizados.\u00a0<\/span><\/li>\n<li><span style=\"color: #000000;\">Formaci\u00f3n socio-laboral, que nos ayude a comprometernos en el mundo trabajador pobre.\u00a0<\/span><\/li>\n<li><span style=\"color: #000000;\">Formaci\u00f3n en la espiritualidad de los Talleres de Nazaret, para conocer y profundizar la propia identidad.\u00a0<\/span><\/li>\n<\/ul>\n<p><span style=\"color: #000000;\">Toda esta formaci\u00f3n es m\u00e1s experiencial que te\u00f3rica. Necesita el compromiso de todos. La vamos adquiriendo en un proceso organizado a trav\u00e9s de encuentros, reflexiones, compartiendo la Palabra y la propia vida.<\/span>[\/vc_column_text][\/vc_column][vc_column width=&#8221;1\/2&#8243;][vc_basic_grid post_type=&#8221;fw-portfolio&#8221; max_items=&#8221;100&#8243; element_width=&#8221;12&#8243; item=&#8221;masonryGrid_WithSideContent&#8221; grid_id=&#8221;vc_gid:1638874473601-caf553ca44ba7f000a9d06e33d2b815b-3&#8243; taxonomies=&#8221;126&#8243;][\/vc_column][\/vc_row][\/vc_section][vc_row][vc_column width=&#8221;1\/2&#8243;][vc_single_image image=&#8221;13338&#8243; img_size=&#8221;full&#8221; onclick=&#8221;custom_link&#8221; link=&#8221;https:\/\/hijasdesanjose.org\/encuentro-talleres-2020-presentacion\/&#8221;][\/vc_column][vc_column width=&#8221;1\/2&#8243;][vc_column_text css=&#8221;.vc_custom_1614508500896{margin-top: 100px !important;}&#8221;]En diciembre de 2020, las circunstancias de la pandemia no permitieron que se realizara el encuentro anual de los Talleres de Nazaret de Espa\u00f1a en Hoyo de Manzanares. Ofrecimos esta alternativa &#8220;on line&#8221;, que aqu\u00ed queda disponible para otros Talleres o para otros momentos.[\/vc_column_text][\/vc_column][\/vc_row]<\/p>\n","protected":false},"excerpt":{"rendered":"<p>[vc_section][vc_row][vc_column width=&#8221;1\/2&#8243;][vc_column_text] Formaci\u00f3n Necesitamos conocer y profundizar nuestra vocaci\u00f3n humana y cristiana, manteni\u00e9ndonos constantemente en crecimiento, desde nuestro compromiso en&hellip;<\/p>\n","protected":false},"author":1,"featured_media":0,"parent":0,"menu_order":0,"comment_status":"closed","ping_status":"closed","template":"","meta":{"give_campaign_id":0,"_exactmetrics_skip_tracking":false,"_exactmetrics_sitenote_active":false,"_exactmetrics_sitenote_note":"","_exactmetrics_sitenote_category":0,"footnotes":""},"class_list":["post-5516","page","type-page","status-publish","hentry"],"campaignId":"","brizy_media":[],"_links":{"self":[{"href":"https:\/\/hijasdesanjose.org\/en\/wp-json\/wp\/v2\/pages\/5516","targetHints":{"allow":["GET"]}}],"collection":[{"href":"https:\/\/hijasdesanjose.org\/en\/wp-json\/wp\/v2\/pages"}],"about":[{"href":"https:\/\/hijasdesanjose.org\/en\/wp-json\/wp\/v2\/types\/page"}],"author":[{"embeddable":true,"href":"https:\/\/hijasdesanjose.org\/en\/wp-json\/wp\/v2\/users\/1"}],"replies":[{"embeddable":true,"href":"https:\/\/hijasdesanjose.org\/en\/wp-json\/wp\/v2\/comments?post=5516"}],"version-history":[{"count":14,"href":"https:\/\/hijasdesanjose.org\/en\/wp-json\/wp\/v2\/pages\/5516\/revisions"}],"predecessor-version":[{"id":19161,"href":"https:\/\/hijasdesanjose.org\/en\/wp-json\/wp\/v2\/pages\/5516\/revisions\/19161"}],"wp:attachment":[{"href":"https:\/\/hijasdesanjose.org\/en\/wp-json\/wp\/v2\/media?parent=5516"}],"curies":[{"name":"wp","href":"https:\/\/api.w.org\/{rel}","templated":true}]}}

<p>[vc_section][vc_row][vc_column width=&#8221;1/2&#8243;][vc_column_text]</p>
<h2>Formación</h2>
<p><span style="color: #000000;">Necesitamos conocer y profundizar nuestra vocación humana y cristiana, manteniéndonos constantemente en crecimiento, desde nuestro compromiso en el Taller. </span></p>
<p><span style="color: #000000;">La formación la entendemos como un proceso para el crecimiento armónico de la persona en todas las dimensiones. </span></p>
<p><span style="color: #000000;">En los Talleres de Nazaret buscamos el modo de avanzar en las dimensiones siguientes: </span></p>
<ul>
<li><span style="color: #000000;">Formación humana, que nos ayude a conocer y a desarrollar nuestras posibilidades. </span></li>
<li><span style="color: #000000;">Formación cristiana para actualizar y crecer en nuestra vocación de bautizados. </span></li>
<li><span style="color: #000000;">Formación socio-laboral, que nos ayude a comprometernos en el mundo trabajador pobre. </span></li>
<li><span style="color: #000000;">Formación en la espiritualidad de los Talleres de Nazaret, para conocer y profundizar la propia identidad. </span></li>
</ul>
<p><span style="color: #000000;">Toda esta formación es más experiencial que teórica. Necesita el compromiso de todos. La vamos adquiriendo en un proceso organizado a través de encuentros, reflexiones, compartiendo la Palabra y la propia vida.</span>[/vc_column_text][/vc_column][vc_column width=&#8221;1/2&#8243;][vc_basic_grid post_type=&#8221;fw-portfolio&#8221; max_items=&#8221;100&#8243; element_width=&#8221;12&#8243; item=&#8221;masonryGrid_WithSideContent&#8221; grid_id=&#8221;vc_gid:1638874473601-caf553ca44ba7f000a9d06e33d2b815b-3&#8243; taxonomies=&#8221;126&#8243;][/vc_column][/vc_row][/vc_section][vc_row][vc_column width=&#8221;1/2&#8243;][vc_single_image image=&#8221;13338&#8243; img_size=&#8221;full&#8221; onclick=&#8221;custom_link&#8221; link=&#8221;https://hijasdesanjose.org/encuentro-talleres-2020-presentacion/&#8221;][/vc_column][vc_column width=&#8221;1/2&#8243;][vc_column_text css=&#8221;.vc_custom_1614508500896{margin-top: 100px !important;}&#8221;]En diciembre de 2020, las circunstancias de la pandemia no permitieron que se realizara el encuentro anual de los Talleres de Nazaret de España en Hoyo de Manzanares. Ofrecimos esta alternativa &#8220;on line&#8221;, que aquí queda disponible para otros Talleres o para otros momentos.[/vc_column_text][/vc_column][/vc_row]</p>

<p>[vc_section][vc_row][vc_column width=&#8221;1/2&#8243;][vc_column_text] Formación Necesitamos conocer y profundizar nuestra vocación humana y cristiana, manteniéndonos constantemente en crecimiento, desde nuestro compromiso en&hellip;</p>
